CRAN Package Check Results for Package asteRisk

Last updated on 2021-10-28 08:49:47 CEST.

Flavor Version Tinstall Tcheck Ttotal Status Flags
r-devel-linux-x86_64-debian-clang 1.1.0 13.26 69.77 83.03 NOTE
r-devel-linux-x86_64-debian-gcc 1.1.0 9.75 51.62 61.37 NOTE
r-devel-linux-x86_64-fedora-clang 1.1.0 111.96 NOTE
r-devel-linux-x86_64-fedora-gcc 1.1.0 99.88 NOTE
r-devel-windows-x86_64 1.1.0 19.00 87.00 106.00 NOTE
r-devel-windows-x86_64-gcc10-UCRT 1.1.0 NOTE
r-patched-linux-x86_64 1.1.0 12.59 65.46 78.05 NOTE
r-patched-solaris-x86 1.1.0 121.70 NOTE
r-release-linux-x86_64 1.1.0 12.05 66.83 78.88 NOTE
r-release-macos-arm64 1.1.0 NOTE
r-release-macos-x86_64 1.1.0 NOTE
r-release-windows-ix86+x86_64 1.1.0 14.00 86.00 100.00 NOTE
r-oldrel-macos-x86_64 1.1.0 NOTE
r-oldrel-windows-ix86+x86_64 1.1.0 18.00 83.00 101.00 NOTE

Check Details

Version: 1.1.0
Check: package dependencies
Result: NOTE
    Package suggested but not available for checking: 'asteRiskData'
Flavors: r-devel-linux-x86_64-debian-clang, r-devel-linux-x86_64-debian-gcc, r-devel-linux-x86_64-fedora-clang, r-devel-linux-x86_64-fedora-gcc, r-devel-windows-x86_64, r-devel-windows-x86_64-gcc10-UCRT, r-patched-linux-x86_64, r-patched-solaris-x86, r-release-linux-x86_64, r-release-macos-x86_64, r-release-windows-ix86+x86_64, r-oldrel-macos-x86_64, r-oldrel-windows-ix86+x86_64

Version: 1.1.0
Check: package dependencies
Result: NOTE
    Packages suggested but not available for checking:
     'asteRiskData', 'BiocStyle'
Flavor: r-release-macos-arm64