Last updated on 2024-04-23 16:58:09 CEST.
Flavor | Version | Tinstall | Tcheck | Ttotal | Status | Flags |
---|---|---|---|---|---|---|
r-devel-linux-x86_64-debian-clang | 2021.1.2 | 3.99 | 168.40 | 172.39 | OK | |
r-devel-linux-x86_64-debian-gcc | 2021.1.2 | 2.83 | 163.18 | 166.01 | OK | |
r-devel-linux-x86_64-fedora-clang | 2021.1.2 | 240.98 | NOTE | |||
r-devel-linux-x86_64-fedora-gcc | 2021.1.2 | 284.37 | NOTE | |||
r-prerel-macos-arm64 | 2021.1.2 | 79.00 | OK | |||
r-prerel-windows-x86_64 | 2021.1.2 | 4.00 | 160.00 | 164.00 | OK | |
r-patched-linux-x86_64 | 2021.1.2 | 2.50 | 199.46 | 201.96 | OK | |
r-release-linux-x86_64 | 2021.1.2 | 3.72 | 199.98 | 203.70 | OK | |
r-release-macos-arm64 | 2021.1.2 | 100.00 | OK | |||
r-release-macos-x86_64 | 2021.1.2 | 150.00 | OK | |||
r-release-windows-x86_64 | 2021.1.2 | 6.00 | 207.00 | 213.00 | OK | |
r-oldrel-macos-arm64 | 2021.1.2 | 78.00 | NOTE | |||
r-oldrel-windows-x86_64 | 2021.1.2 | 6.00 | 220.00 | 226.00 | OK |
Version: 2021.1.2
Check: dependencies in R code
Result: NOTE
Namespaces in Imports field not imported from:
‘dlnm’ ‘ggplot2’ ‘mvmeta’ ‘pbs’ ‘tsModel’
All declared Imports should be used.
Flavors: r-devel-linux-x86_64-fedora-clang, r-devel-linux-x86_64-fedora-gcc
Version: 2021.1.2
Check: dependencies in R code
Result: NOTE
Namespaces in Imports field not imported from:
‘dlnm’ ‘ggplot2’ ‘lubridate’ ‘mvmeta’ ‘pbs’ ‘tsModel’
All declared Imports should be used.
Flavor: r-oldrel-macos-arm64