CRAN Package Check Results for Package audrex

Last updated on 2021-10-23 00:48:46 CEST.

Flavor Version Tinstall Tcheck Ttotal Status Flags
r-devel-linux-x86_64-debian-clang 1.0.1 14.71 136.26 150.97 OK
r-devel-linux-x86_64-debian-gcc 1.0.1 13.44 101.92 115.36 OK
r-devel-linux-x86_64-fedora-clang 1.0.1 190.66 NOTE
r-devel-linux-x86_64-fedora-gcc 1.0.1 176.77 NOTE
r-devel-windows-x86_64 1.0.1 25.00 153.00 178.00 OK
r-devel-windows-x86_64-gcc10-UCRT 1.0.1 NOTE
r-patched-linux-x86_64 1.0.1 15.09 126.39 141.48 OK
r-patched-solaris-x86 1.0.1 257.90 NOTE
r-release-linux-x86_64 1.0.1 16.24 129.99 146.23 OK
r-release-macos-arm64 1.0.1 NOTE
r-release-macos-x86_64 1.0.1 NOTE
r-release-windows-ix86+x86_64 1.0.1 30.00 157.00 187.00 OK
r-oldrel-macos-x86_64 1.0.1 NOTE
r-oldrel-windows-ix86+x86_64 1.0.1 40.00 158.00 198.00 OK

Check Details

Version: 1.0.1
Check: data for non-ASCII characters
Result: NOTE
     Note: found 1 marked UTF-8 string
Flavors: r-devel-linux-x86_64-fedora-clang, r-devel-linux-x86_64-fedora-gcc, r-devel-windows-x86_64-gcc10-UCRT, r-patched-solaris-x86, r-release-macos-arm64, r-release-macos-x86_64, r-oldrel-macos-x86_64