Last updated on 2023-12-10 00:55:38 CET.
Flavor | Version | Tinstall | Tcheck | Ttotal | Status | Flags |
---|---|---|---|---|---|---|
r-devel-linux-x86_64-debian-clang | 0.5.1 | 4.70 | 57.74 | 62.44 | OK | |
r-devel-linux-x86_64-debian-gcc | 0.5.1 | 4.08 | 45.24 | 49.32 | OK | |
r-devel-linux-x86_64-fedora-clang | 0.5.1 | 83.56 | NOTE | |||
r-devel-linux-x86_64-fedora-gcc | 0.5.1 | 74.27 | NOTE | |||
r-devel-windows-x86_64 | 0.5.1 | 6.00 | 66.00 | 72.00 | OK | |
r-patched-linux-x86_64 | 0.5.1 | 5.43 | 57.25 | 62.68 | OK | |
r-release-linux-x86_64 | 0.5.1 | 4.34 | 55.75 | 60.09 | OK | |
r-release-macos-arm64 | 0.5.1 | 28.00 | OK | |||
r-release-macos-x86_64 | 0.5.1 | 53.00 | OK | |||
r-release-windows-x86_64 | 0.5.1 | 8.00 | 72.00 | 80.00 | OK | |
r-oldrel-macos-arm64 | 0.5.1 | 54.00 | OK | |||
r-oldrel-macos-x86_64 | 0.5.1 | 41.00 | OK | |||
r-oldrel-windows-x86_64 | 0.5.1 | 8.00 | 78.00 | 86.00 | OK |
Version: 0.5.1
Check: data for non-ASCII characters
Result: NOTE
Note: found 54582 marked UTF-8 strings
Flavors: r-devel-linux-x86_64-fedora-clang, r-devel-linux-x86_64-fedora-gcc