Last updated on 2024-04-26 00:56:15 CEST.
Flavor | Version | Tinstall | Tcheck | Ttotal | Status | Flags |
---|---|---|---|---|---|---|
r-devel-linux-x86_64-debian-clang | 0.2.0.1001 | 31.90 | 826.98 | 858.88 | OK | |
r-devel-linux-x86_64-debian-gcc | 0.2.0.1001 | 26.48 | 569.73 | 596.21 | OK | |
r-devel-linux-x86_64-fedora-clang | 0.2.0.1001 | 1036.87 | OK | |||
r-devel-linux-x86_64-fedora-gcc | 0.2.0.1001 | 1009.45 | OK | |||
r-devel-windows-x86_64 | 0.2.0.1001 | 19.00 | 537.00 | 556.00 | OK | |
r-patched-linux-x86_64 | 0.2.0.1001 | 0.50 | 2.14 | 2.64 | ERROR | |
r-release-linux-x86_64 | 0.2.0.1001 | 0.32 | 2.04 | 2.36 | ERROR | |
r-release-macos-arm64 | 0.2.0.1001 | 258.00 | OK | |||
r-release-macos-x86_64 | 0.2.0.1001 | 622.00 | OK | |||
r-release-windows-x86_64 | 0.2.0.1001 | 19.00 | 553.00 | 572.00 | OK | |
r-oldrel-macos-arm64 | 0.2.0.1001 | 254.00 | OK | |||
r-oldrel-macos-x86_64 | 0.2.0.1001 | 653.00 | OK | |||
r-oldrel-windows-x86_64 | 0.2.0.1001 | 26.00 | 717.00 | 743.00 | OK |
Version: 0.2.0.1001
Check: package dependencies
Result: ERROR
Package required but not available: ‘thurstonianIRT’
See section ‘The DESCRIPTION file’ in the ‘Writing R Extensions’
manual.
Flavors: r-patched-linux-x86_64, r-release-linux-x86_64