Last updated on 2024-07-18 00:54:48 CEST.
Flavor | Version | Tinstall | Tcheck | Ttotal | Status | Flags |
---|---|---|---|---|---|---|
r-devel-linux-x86_64-debian-clang | 0.9.1 | 58.39 | 517.84 | 576.23 | OK | |
r-devel-linux-x86_64-debian-gcc | 0.9.1 | 48.53 | 377.87 | 426.40 | OK | |
r-devel-linux-x86_64-fedora-clang | 0.9.1 | 721.81 | OK | |||
r-devel-linux-x86_64-fedora-gcc | 0.9.1 | 691.49 | OK | |||
r-devel-windows-x86_64 | 0.9.1 | 56.00 | 345.00 | 401.00 | OK | |
r-patched-linux-x86_64 | 0.9.1 | 44.13 | 483.57 | 527.70 | OK | |
r-release-linux-x86_64 | 0.9.1 | 52.13 | 482.47 | 534.60 | OK | |
r-release-macos-arm64 | 0.9.1 | 216.00 | OK | |||
r-release-macos-x86_64 | 0.9.1 | 341.00 | OK | |||
r-release-windows-x86_64 | 0.9.1 | 59.00 | 346.00 | 405.00 | OK | |
r-oldrel-macos-arm64 | 0.9.1 | 11.00 | ERROR | |||
r-oldrel-macos-x86_64 | 0.9.1 | 12.00 | ERROR | |||
r-oldrel-windows-x86_64 | 0.9.1 | 77.00 | 472.00 | 549.00 | OK |
Version: 0.9.1
Check: package dependencies
Result: ERROR
Package required but not available: ‘GSVA’
See section ‘The DESCRIPTION file’ in the ‘Writing R Extensions’
manual.
Flavors: r-oldrel-macos-arm64, r-oldrel-macos-x86_64