CRAN Package Check Results for Package autoScorecard

Last updated on 2024-03-02 16:54:39 CET.

Flavor Version Tinstall Tcheck Ttotal Status Flags
r-devel-linux-x86_64-debian-clang 0.3.0 4.39 173.13 177.52 NOTE
r-devel-linux-x86_64-debian-gcc 0.3.0 3.34 120.25 123.59 NOTE
r-devel-linux-x86_64-fedora-clang 0.3.0 210.58 NOTE
r-devel-linux-x86_64-fedora-gcc 0.3.0 230.29 NOTE
r-devel-windows-x86_64 0.3.0 4.00 156.00 160.00 OK
r-patched-linux-x86_64 0.3.0 4.79 162.23 167.02 OK
r-release-linux-x86_64 0.3.0 2.87 166.59 169.46 OK
r-release-macos-arm64 0.3.0 63.00 OK
r-release-macos-x86_64 0.3.0 160.00 OK
r-release-windows-x86_64 0.3.0 7.00 182.00 189.00 OK
r-oldrel-macos-arm64 0.3.0 76.00 OK
r-oldrel-windows-x86_64 0.3.0 7.00 182.00 189.00 OK

Check Details

Version: 0.3.0
Check: Rd files
Result: NOTE checkRd: (-1) noauto_scorecard.Rd:20: Lost braces; missing escapes or markup? 20 | \item{fit}{See glm {stats}.} | ^ checkRd: (-1) noauto_scorecard2.Rd:21: Lost braces; missing escapes or markup? 21 | \item{fit}{See glm {stats}.} | ^ Flavors: r-devel-linux-x86_64-debian-clang, r-devel-linux-x86_64-debian-gcc, r-devel-linux-x86_64-fedora-clang, r-devel-linux-x86_64-fedora-gcc