CRAN Package Check Results for Package autocart

Last updated on 2023-06-08 08:55:15 CEST.

Flavor Version Tinstall Tcheck Ttotal Status Flags
r-devel-linux-x86_64-debian-clang 1.4.5 93.35 312.84 406.19 NOTE
r-devel-linux-x86_64-debian-gcc 1.4.5 76.73 226.04 302.77 NOTE
r-devel-linux-x86_64-fedora-clang 1.4.5 690.16 NOTE
r-devel-linux-x86_64-fedora-gcc 1.4.5 1020.20 NOTE
r-devel-windows-x86_64 1.4.5 76.00 206.00 282.00 NOTE
r-patched-linux-x86_64 1.4.5 84.30 315.75 400.05 NOTE
r-release-linux-x86_64 1.4.5 84.82 383.47 468.29 NOTE
r-release-macos-arm64 1.4.5 1137.00 NOTE
r-release-macos-x86_64 1.4.5 1803.00 NOTE
r-release-windows-x86_64 1.4.5 101.00 196.00 297.00 NOTE
r-oldrel-macos-arm64 1.4.5 512.00 NOTE
r-oldrel-macos-x86_64 1.4.5 1803.00 NOTE
r-oldrel-windows-x86_64 1.4.5 101.00 189.00 290.00 NOTE

Check Details

Version: 1.4.5
Check: C++ specification
Result: NOTE
     Specified C++11: please drop specification unless essential
Flavors: r-devel-linux-x86_64-debian-clang, r-devel-linux-x86_64-debian-gcc, r-devel-linux-x86_64-fedora-clang, r-devel-linux-x86_64-fedora-gcc, r-devel-windows-x86_64, r-patched-linux-x86_64, r-release-linux-x86_64, r-release-macos-arm64, r-release-macos-x86_64, r-release-windows-x86_64

Version: 1.4.5
Check: for GNU extensions in Makefiles
Result: NOTE
    GNU make is a SystemRequirements.
Flavors: r-devel-linux-x86_64-debian-clang, r-devel-linux-x86_64-debian-gcc, r-devel-linux-x86_64-fedora-clang, r-devel-linux-x86_64-fedora-gcc, r-devel-windows-x86_64, r-patched-linux-x86_64, r-release-linux-x86_64, r-release-macos-arm64, r-release-macos-x86_64, r-release-windows-x86_64, r-oldrel-macos-arm64, r-oldrel-macos-x86_64, r-oldrel-windows-x86_64