CRAN Package Check Results for Package autoimage

Last updated on 2021-12-04 04:52:17 CET.

Flavor Version Tinstall Tcheck Ttotal Status Flags
r-devel-linux-x86_64-debian-clang 2.2.3 5.88 135.89 141.77 OK
r-devel-linux-x86_64-debian-gcc 2.2.3 4.04 90.41 94.45 ERROR
r-devel-linux-x86_64-fedora-clang 2.2.3 186.44 OK
r-devel-linux-x86_64-fedora-gcc 2.2.3 163.52 OK
r-devel-windows-x86_64-new-UL 2.2.3 16.00 367.00 383.00 OK
r-devel-windows-x86_64-new-TK 2.2.3 OK
r-devel-windows-x86_64-old 2.2.3 10.00 172.00 182.00 OK
r-patched-linux-x86_64 2.2.3 6.17 133.95 140.12 OK
r-release-linux-x86_64 2.2.3 4.82 132.24 137.06 OK
r-release-macos-arm64 2.2.3 OK
r-release-macos-x86_64 2.2.3 OK
r-release-windows-ix86+x86_64 2.2.3 10.00 211.00 221.00 OK
r-oldrel-macos-x86_64 2.2.3 OK
r-oldrel-windows-ix86+x86_64 2.2.3 12.00 364.00 376.00 OK

Check Details

Version: 2.2.3
Check: examples
Result: ERROR
    Running examples in ‘autoimage-Ex.R’ failed
    The error most likely occurred in:
    
    > base::assign(".ptime", proc.time(), pos = "CheckExEnv")
    > ### Name: autopoints
    > ### Title: Automatic facetting of multiple projected scatterplots
    > ### Aliases: autopoints
    >
    > ### ** Examples
    >
    > data(co, package = "gear")
    > easting = co$easting
    > northing = co$northing
    > # heated scatterplot for Aluminum and Cadmium
    > autopoints(easting, northing, co[,c("Al", "Ca")],
    + common.legend = FALSE, map = "state",
    + main = c("Al", "Ca"), lratio = 0.2,
    + legend.mar = c(0.3, 0.1, 0.1, 0.1))
    Error in autopoints_xyz_setup(x, y, z, tx = deparse(substitute(x)), ty = deparse(substitute(y)), :
     length(z) must equal length(x) when z is a vector
    Calls: autopoints -> autopoints_xyz_setup
    Execution halted
Flavor: r-devel-linux-x86_64-debian-gcc

Version: 2.2.3
Check: re-building of vignette outputs
Result: WARN
    Error(s) in re-building vignettes:
     ...
    --- re-building ‘autoimage.Rmd’ using rmarkdown
    --- finished re-building ‘autoimage.Rmd’
    
    --- re-building ‘autopoints.Rmd’ using rmarkdown
    Quitting from lines 59-62 (autopoints.Rmd)
    Error: processing vignette ‘autopoints.Rmd’ failed with diagnostics:
    length(z) must equal length(x) when z is a vector
    --- failed re-building ‘autopoints.Rmd’
    
    --- re-building ‘ggplot2-comparison.Rmd’ using rmarkdown
    --- finished re-building ‘ggplot2-comparison.Rmd’
    
    SUMMARY: processing the following file failed:
     ‘autopoints.Rmd’
    
    Error: Vignette re-building failed.
    Execution halted
Flavor: r-devel-linux-x86_64-debian-gcc