CRAN Package Check Results for Package automagic

Last updated on 2023-06-08 08:55:15 CEST.

Flavor Version Tinstall Tcheck Ttotal Status Flags
r-devel-linux-x86_64-debian-clang 0.5.1 2.11 23.65 25.76 NOTE
r-devel-linux-x86_64-debian-gcc 0.5.1 1.80 18.93 20.73 NOTE
r-devel-linux-x86_64-fedora-clang 0.5.1 33.25 NOTE
r-devel-linux-x86_64-fedora-gcc 0.5.1 31.66 NOTE
r-devel-windows-x86_64 0.5.1 3.00 40.00 43.00 NOTE
r-patched-linux-x86_64 0.5.1 2.51 23.27 25.78 NOTE
r-release-linux-x86_64 0.5.1 1.90 23.17 25.07 NOTE
r-release-macos-arm64 0.5.1 15.00 NOTE
r-release-macos-x86_64 0.5.1 20.00 NOTE
r-release-windows-x86_64 0.5.1 3.00 43.00 46.00 NOTE
r-oldrel-macos-arm64 0.5.1 14.00 NOTE
r-oldrel-macos-x86_64 0.5.1 22.00 NOTE
r-oldrel-windows-x86_64 0.5.1 5.00 44.00 49.00 NOTE

Check Details

Version: 0.5.1
Check: LazyData
Result: NOTE
     'LazyData' is specified without a 'data' directory
Flavors: r-devel-linux-x86_64-debian-clang, r-devel-linux-x86_64-debian-gcc, r-devel-linux-x86_64-fedora-clang, r-devel-linux-x86_64-fedora-gcc, r-devel-windows-x86_64, r-patched-linux-x86_64, r-release-linux-x86_64, r-release-macos-arm64, r-release-macos-x86_64, r-release-windows-x86_64, r-oldrel-macos-arm64, r-oldrel-macos-x86_64, r-oldrel-windows-x86_64