CRAN Package Check Results for Package autostsm

Last updated on 2021-12-04 08:50:39 CET.

Flavor Version Tinstall Tcheck Ttotal Status Flags
r-devel-linux-x86_64-debian-clang 2.1 42.66 82.73 125.39 OK
r-devel-linux-x86_64-debian-gcc 2.1 32.23 63.38 95.61 OK
r-devel-linux-x86_64-fedora-clang 2.1 172.22 OK
r-devel-linux-x86_64-fedora-gcc 2.1 159.46 OK
r-devel-windows-x86_64-new-UL 2.1 52.00 153.00 205.00 OK
r-devel-windows-x86_64-new-TK 2.0 OK
r-devel-windows-x86_64-old 2.1 61.00 106.00 167.00 OK
r-patched-linux-x86_64 2.0 37.14 69.04 106.18 OK
r-release-linux-x86_64 2.0 35.80 70.33 106.13 OK
r-release-macos-arm64 2.1 OK
r-release-macos-x86_64 2.0 OK
r-release-windows-ix86+x86_64 2.1 94.00 103.00 197.00 OK
r-oldrel-macos-x86_64 2.0 ERROR
r-oldrel-windows-ix86+x86_64 2.0 102.00 8.00 110.00 ERROR

Check Details

Version: 2.0
Check: package dependencies
Result: ERROR
    Package required and available but unsuitable version: ‘parallel’
    
    See section ‘The DESCRIPTION file’ in the ‘Writing R Extensions’
    manual.
Flavors: r-oldrel-macos-x86_64, r-oldrel-windows-ix86+x86_64