Last updated on 2024-03-27 23:59:38 CET.
Flavor | Version | Tinstall | Tcheck | Ttotal | Status | Flags |
---|---|---|---|---|---|---|
r-devel-linux-x86_64-debian-clang | 0.9.0 | 6.48 | 72.97 | 79.45 | OK | |
r-devel-linux-x86_64-debian-gcc | 0.9.0 | 4.40 | 56.07 | 60.47 | OK | |
r-devel-linux-x86_64-fedora-clang | 0.9.0 | 104.04 | OK | |||
r-devel-linux-x86_64-fedora-gcc | 0.9.0 | 100.89 | OK | |||
r-devel-windows-x86_64 | 0.9.0 | 19.00 | 191.00 | 210.00 | NOTE | |
r-patched-linux-x86_64 | 0.9.0 | 5.94 | 69.35 | 75.29 | OK | |
r-release-linux-x86_64 | 0.9.0 | 6.49 | 71.22 | 77.71 | OK | |
r-release-macos-arm64 | 0.9.0 | 58.00 | NOTE | |||
r-release-macos-x86_64 | 0.9.0 | 107.00 | NOTE | |||
r-release-windows-x86_64 | 0.9.0 | 23.00 | 281.00 | 304.00 | NOTE | |
r-oldrel-macos-arm64 | 0.9.0 | 47.00 | NOTE | |||
r-oldrel-windows-x86_64 | 0.9.0 | 32.00 | 187.00 | 219.00 | NOTE |
Version: 0.9.0
Check: installed package size
Result: NOTE
installed size is 30.3Mb
sub-directories of 1Mb or more:
libs 29.5Mb
Flavors: r-devel-windows-x86_64, r-release-macos-arm64, r-release-macos-x86_64, r-release-windows-x86_64, r-oldrel-macos-arm64, r-oldrel-windows-x86_64