Last updated on 2023-09-21 17:55:38 CEST.
Flavor | Version | Tinstall | Tcheck | Ttotal | Status | Flags |
---|---|---|---|---|---|---|
r-devel-linux-x86_64-debian-clang | 0.1.8 | 5.02 | 48.72 | 53.74 | NOTE | |
r-devel-linux-x86_64-debian-gcc | 0.1.8 | 4.14 | 36.33 | 40.47 | NOTE | |
r-devel-linux-x86_64-fedora-clang | 0.1.8 | 64.57 | NOTE | |||
r-devel-linux-x86_64-fedora-gcc | 0.1.8 | 78.21 | NOTE | |||
r-devel-windows-x86_64 | 0.1.8 | 9.00 | 77.00 | 86.00 | NOTE | |
r-patched-linux-x86_64 | 0.1.8 | 5.81 | 45.10 | 50.91 | NOTE | |
r-release-linux-x86_64 | 0.1.8 | 4.95 | 44.99 | 49.94 | NOTE | |
r-release-macos-arm64 | 0.1.8 | 30.00 | NOTE | |||
r-release-macos-x86_64 | 0.1.8 | 48.00 | NOTE | |||
r-release-windows-x86_64 | 0.1.8 | 9.00 | 83.00 | 92.00 | NOTE | |
r-oldrel-macos-arm64 | 0.1.8 | 27.00 | NOTE | |||
r-oldrel-macos-x86_64 | 0.1.8 | 37.00 | NOTE | |||
r-oldrel-windows-x86_64 | 0.1.8 | 11.00 | 91.00 | 102.00 | NOTE |
Version: 0.1.8
Check: LazyData
Result: NOTE
'LazyData' is specified without a 'data' directory
Flavors: r-devel-linux-x86_64-debian-clang, r-devel-linux-x86_64-debian-gcc, r-devel-linux-x86_64-fedora-clang, r-devel-linux-x86_64-fedora-gcc, r-devel-windows-x86_64, r-patched-linux-x86_64, r-release-linux-x86_64, r-release-macos-arm64, r-release-macos-x86_64, r-release-windows-x86_64, r-oldrel-macos-arm64, r-oldrel-macos-x86_64, r-oldrel-windows-x86_64