Last updated on 2023-12-03 08:50:01 CET.
Flavor | Version | Tinstall | Tcheck | Ttotal | Status | Flags |
---|---|---|---|---|---|---|
r-devel-linux-x86_64-debian-clang | 1.0.5 | 16.57 | 175.89 | 192.46 | NOTE | |
r-devel-linux-x86_64-debian-gcc | 1.0.5 | 12.71 | 132.72 | 145.43 | NOTE | |
r-devel-linux-x86_64-fedora-clang | 1.0.5 | 253.83 | NOTE | |||
r-devel-linux-x86_64-fedora-gcc | 1.0.5 | 241.82 | NOTE | |||
r-devel-windows-x86_64 | 1.0.5 | 26.00 | 266.00 | 292.00 | NOTE | |
r-patched-linux-x86_64 | 1.0.5 | 30.59 | 167.00 | 197.59 | NOTE | |
r-release-linux-x86_64 | 1.0.5 | 13.81 | 166.84 | 180.65 | NOTE | |
r-release-macos-arm64 | 1.0.5 | 73.00 | NOTE | |||
r-release-macos-x86_64 | 1.0.5 | 95.00 | NOTE | |||
r-release-windows-x86_64 | 1.0.5 | 29.00 | 311.00 | 340.00 | NOTE | |
r-oldrel-macos-arm64 | 1.0.5 | 50.00 | OK | |||
r-oldrel-macos-x86_64 | 1.0.5 | 77.00 | OK | |||
r-oldrel-windows-x86_64 | 1.0.5 | 29.00 | 187.00 | 216.00 | OK |
Version: 1.0.5
Check: Rd files
Result: NOTE
checkRd: (-1) ec2_create_security_group.Rd:66: Escaped LaTeX specials: \#
checkRd: (-1) ec2_create_security_group.Rd:66: Escaped LaTeX specials: \$
checkRd: (-1) ec2_create_security_group.Rd:79: Escaped LaTeX specials: \#
checkRd: (-1) ec2_create_security_group.Rd:79: Escaped LaTeX specials: \$
Flavors: r-devel-linux-x86_64-debian-clang, r-devel-linux-x86_64-debian-gcc, r-devel-linux-x86_64-fedora-clang, r-devel-linux-x86_64-fedora-gcc, r-devel-windows-x86_64, r-patched-linux-x86_64, r-release-linux-x86_64, r-release-macos-arm64, r-release-macos-x86_64, r-release-windows-x86_64