CRAN Package Check Results for Package bSims

Last updated on 2021-09-23 20:52:10 CEST.

Flavor Version Tinstall Tcheck Ttotal Status Flags
r-devel-linux-x86_64-debian-clang 0.2-1 9.25 114.64 123.89 NOTE
r-devel-linux-x86_64-debian-gcc 0.2-1 7.95 83.78 91.73 NOTE
r-devel-linux-x86_64-fedora-clang 0.2-1 148.89 NOTE
r-devel-linux-x86_64-fedora-gcc 0.2-1 139.59 NOTE
r-devel-windows-x86_64 0.2-1 10.00 101.00 111.00 NOTE
r-devel-windows-x86_64-gcc10-UCRT 0.2-1 NOTE
r-patched-linux-x86_64 0.2-1 10.92 107.07 117.99 NOTE
r-patched-solaris-x86 0.2-1 164.30 NOTE
r-release-linux-x86_64 0.2-1 10.47 106.61 117.08 NOTE
r-release-macos-arm64 0.2-1 NOTE
r-release-macos-x86_64 0.2-1 NOTE
r-release-windows-ix86+x86_64 0.2-1 20.00 136.00 156.00 NOTE
r-oldrel-macos-x86_64 0.2-1 OK
r-oldrel-windows-ix86+x86_64 0.2-1 15.00 102.00 117.00 OK

Check Details

Version: 0.2-1
Check: LazyData
Result: NOTE
     'LazyData' is specified without a 'data' directory
Flavors: r-devel-linux-x86_64-debian-clang, r-devel-linux-x86_64-debian-gcc, r-devel-linux-x86_64-fedora-clang, r-devel-linux-x86_64-fedora-gcc, r-devel-windows-x86_64, r-devel-windows-x86_64-gcc10-UCRT, r-patched-linux-x86_64, r-patched-solaris-x86, r-release-linux-x86_64, r-release-macos-arm64, r-release-macos-x86_64, r-release-windows-ix86+x86_64