CRAN Package Check Results for Package bWGR

Last updated on 2024-02-28 00:56:15 CET.

Flavor Version Tinstall Tcheck Ttotal Status Flags
r-devel-linux-x86_64-debian-clang 2.2.5 405.60 84.81 490.41 OK
r-devel-linux-x86_64-debian-gcc 2.2.5 337.52 81.96 419.48 OK
r-devel-linux-x86_64-fedora-clang 2.2.5 539.99 OK
r-devel-linux-x86_64-fedora-gcc 2.2.5 740.35 OK
r-devel-windows-x86_64 2.2.5 255.00 125.00 380.00 OK
r-patched-linux-x86_64 2.2.5 381.60 108.20 489.80 OK
r-release-linux-x86_64 2.2.5 381.78 106.34 488.12 OK
r-release-macos-arm64 2.2.5 145.00 NOTE
r-release-macos-x86_64 2.2.5 338.00 NOTE
r-release-windows-x86_64 2.2.5 325.00 139.00 464.00 OK
r-oldrel-macos-arm64 2.2.5 150.00 NOTE
r-oldrel-windows-x86_64 2.2.5 297.00 127.00 424.00 OK

Check Details

Version: 2.2.5
Check: installed package size
Result: NOTE installed size is 102.5Mb sub-directories of 1Mb or more: libs 102.1Mb Flavors: r-release-macos-arm64, r-release-macos-x86_64, r-oldrel-macos-arm64