CRAN Package Check Results for Package baRcodeR

Last updated on 2021-09-22 13:06:47 CEST.

Flavor Version Tinstall Tcheck Ttotal Status Flags
r-devel-linux-x86_64-debian-clang 0.1.5 3.28 38.15 41.43 NOTE
r-devel-linux-x86_64-debian-gcc 0.1.5 2.44 29.43 31.87 NOTE
r-devel-linux-x86_64-fedora-clang 0.1.5 58.34 NOTE
r-devel-linux-x86_64-fedora-gcc 0.1.5 47.50 NOTE
r-devel-windows-x86_64 0.1.5 5.00 46.00 51.00 NOTE
r-devel-windows-x86_64-gcc10-UCRT 0.1.5 ERROR
r-patched-linux-x86_64 0.1.5 3.49 37.55 41.04 NOTE
r-patched-solaris-x86 0.1.5 72.90 NOTE
r-release-linux-x86_64 0.1.5 3.30 37.40 40.70 NOTE
r-release-macos-arm64 0.1.5 NOTE
r-release-macos-x86_64 0.1.5 NOTE
r-release-windows-ix86+x86_64 0.1.5 8.00 57.00 65.00 NOTE
r-oldrel-macos-x86_64 0.1.5 OK
r-oldrel-windows-ix86+x86_64 0.1.5 7.00 44.00 51.00 OK

Check Details

Version: 0.1.5
Check: LazyData
Result: NOTE
     'LazyData' is specified without a 'data' directory
Flavors: r-devel-linux-x86_64-debian-clang, r-devel-linux-x86_64-debian-gcc, r-devel-linux-x86_64-fedora-clang, r-devel-linux-x86_64-fedora-gcc, r-devel-windows-x86_64, r-devel-windows-x86_64-gcc10-UCRT, r-patched-linux-x86_64, r-patched-solaris-x86, r-release-linux-x86_64, r-release-macos-arm64, r-release-macos-x86_64, r-release-windows-ix86+x86_64

Version: 0.1.5
Check: package dependencies
Result: NOTE
    Package suggested but not available for checking: 'shinytest'
Flavor: r-devel-windows-x86_64-gcc10-UCRT

Version: 0.1.5
Check: tests
Result: ERROR
     Running 'testthat.R'
    Running the tests in 'tests/testthat.R' failed.
    Complete output:
     > library(testthat)
     > library(baRcodeR)
     Loading required package: qrcode
     >
     > test_check("baRcodeR")
     Testing ... : Invalid input. Please enter a numberTesting ... : Invalid input. Please enter a numberTesting ... : Testing ...: Testing ...: Testing ...: Testing ...: Menu testing ...
     1 : Yes
     2 : NoMenu testing ...
     1 : Yes
     2 : NoMenu testing ...
     1 : Yes
     2 : NoInvalid input. Integer must be between 1 and 2Menu testing ...
     1 : Yes
     2 : NoInvalid input. Integer must be between 1 and 2Menu testing ...
     1 : Yes
     2 : NoInvalid input. Integer must be between 1 and 2Please enter string for level: Please enter the starting number for level (integer): Enter the ending number for level: Number of digits to print for level: Please enter string for level: Please enter the starting number for level (integer): Enter the ending number for level: Number of digits to print for level: Please enter string for level: Please enter the starting number for level (integer): Invalid input. Please enter a numberPlease enter the starting number for level (integer): Invalid input. Please enter a numberPlease enter the starting number for level (integer): What is the number of levels in hierarchy: String at end of label?
     1 : Yes
     2 : NoNumber of digits to print: Please enter string for level 1: Enter the starting number for level 1: Enter the ending number for level 1: Please enter string for level 2: Enter the starting number for level 2: Enter the ending number for level 2: Please enter name for PDF output file: Please enter a font size: Select an error correction level.
     1 : L (up to 7% damage)
     2 : M (up to 15% damage)
     3 : Q (up to 25% damage)
     4 : H (up to 30% damage)Edit advanced parameters?
     1 : Yes
     2 : NoType of Barcode:
     1 : Matrix QR Code
     2 : LinearPrint labels across?
     1 : Yes
     2 : NoTruncate longer labels into multiple lines if necessary?
     1 : Yes
     2 : NoNumber of rows to skip? (enter 0 for default): Number of cols to skip? (enter 0 for default): Number of rows per page: Number of col per page: Please enter the height margin of page (in inches): Please enter the width margin of page (in inches): Please enter the width of the label (in inches): Please enter the height of the label (in inches): Change distances between QR code and text label?
     1: Yes
     2: No══ Failed tests ════════════════════════════════════════════════════════════════
     ── Error (test-test-addin.R:3:1): (code run outside of `test_that()`) ──────────
     Error: there is no package called 'shinytest'
     Backtrace:
     █
     1. └─base::library(shinytest) test-test-addin.R:3:0
    
     [ FAIL 1 | WARN 0 | SKIP 0 | PASS 48 ]
     Error: Test failures
     Execution halted
Flavor: r-devel-windows-x86_64-gcc10-UCRT

Version: 0.1.5
Check: PDF version of manual
Result: WARN
    LaTeX errors when creating PDF version.
    This typically indicates Rd problems.
Flavor: r-devel-windows-x86_64-gcc10-UCRT

Version: 0.1.5
Check: PDF version of manual without hyperrefs or index
Result: ERROR
    Re-running with no redirection of stdout/stderr.
Flavor: r-devel-windows-x86_64-gcc10-UCRT