Last updated on 2022-06-26 08:53:25 CEST.
Flavor | Version | Tinstall | Tcheck | Ttotal | Status | Flags |
---|---|---|---|---|---|---|
r-devel-linux-x86_64-debian-clang | 1.0.6 | 8.65 | 130.75 | 139.40 | OK | |
r-devel-linux-x86_64-debian-gcc | 1.0.6 | 7.57 | 96.28 | 103.85 | OK | |
r-devel-linux-x86_64-fedora-clang | 1.0.6 | 172.55 | NOTE | |||
r-devel-linux-x86_64-fedora-gcc | 1.0.6 | 172.76 | OK | |||
r-devel-windows-x86_64 | 1.0.6 | 40.00 | 187.00 | 227.00 | OK | |
r-patched-linux-x86_64 | 1.0.6 | 11.09 | 123.34 | 134.43 | OK | |
r-release-linux-x86_64 | 1.0.6 | 9.96 | 124.89 | 134.85 | OK | |
r-release-macos-arm64 | 1.0.6 | 71.00 | OK | |||
r-release-macos-x86_64 | 1.0.6 | 772.00 | OK | |||
r-release-windows-x86_64 | 1.0.6 | 24.00 | 191.00 | 215.00 | OK | |
r-oldrel-macos-arm64 | 1.0.6 | 62.00 | OK | |||
r-oldrel-macos-x86_64 | 1.0.6 | 9.00 | ERROR | |||
r-oldrel-windows-ix86+x86_64 | 1.0.6 | 18.00 | 159.00 | 177.00 | OK |
Version: 1.0.6
Check: Rd cross-references
Result: NOTE
Undeclared package ‘Rraven’ in Rd xrefs
Flavor: r-devel-linux-x86_64-fedora-clang
Version: 1.0.6
Check: package dependencies
Result: ERROR
Package required and available but unsuitable version: ‘warbleR’
See section ‘The DESCRIPTION file’ in the ‘Writing R Extensions’
manual.
Flavor: r-oldrel-macos-x86_64