Last updated on 2024-04-19 16:58:35 CEST.
Flavor | Version | Tinstall | Tcheck | Ttotal | Status | Flags |
---|---|---|---|---|---|---|
r-devel-linux-x86_64-debian-clang | 1.0.1 | 42.76 | 50.52 | 93.28 | OK | |
r-devel-linux-x86_64-debian-gcc | 1.0.1 | OK | ||||
r-devel-linux-x86_64-fedora-clang | 1.0.1 | 122.29 | NOTE | |||
r-devel-linux-x86_64-fedora-gcc | 1.0.1 | 119.58 | OK | |||
r-prerel-macos-arm64 | 1.0.1 | 53.00 | NOTE | |||
r-prerel-windows-x86_64 | 1.0.1 | 41.00 | 59.00 | 100.00 | NOTE | |
r-patched-linux-x86_64 | 1.0.1 | 40.91 | 47.15 | 88.06 | OK | |
r-release-linux-x86_64 | 1.0.1 | 41.95 | 49.17 | 91.12 | OK | |
r-release-macos-arm64 | 1.0.1 | 55.00 | NOTE | |||
r-release-macos-x86_64 | 1.0.1 | 78.00 | NOTE | |||
r-release-windows-x86_64 | 1.0.1 | 51.00 | 67.00 | 118.00 | NOTE | |
r-oldrel-macos-arm64 | 1.0.1 | 53.00 | NOTE | |||
r-oldrel-windows-x86_64 | 1.0.1 | 52.00 | 74.00 | 126.00 | NOTE |
Version: 1.0.1
Check: installed package size
Result: NOTE
installed size is 5.4Mb
sub-directories of 1Mb or more:
data 5.3Mb
Flavors: r-devel-linux-x86_64-fedora-clang, r-prerel-macos-arm64, r-prerel-windows-x86_64, r-release-macos-arm64, r-release-macos-x86_64, r-release-windows-x86_64, r-oldrel-macos-arm64, r-oldrel-windows-x86_64