Last updated on 2024-03-27 23:59:38 CET.
Flavor | Version | Tinstall | Tcheck | Ttotal | Status | Flags |
---|---|---|---|---|---|---|
r-devel-linux-x86_64-debian-clang | 0.0.2 | 6.43 | 37.13 | 43.56 | OK | |
r-devel-linux-x86_64-debian-gcc | 0.0.2 | 6.11 | 28.77 | 34.88 | OK | |
r-devel-linux-x86_64-fedora-clang | 0.0.2 | 58.29 | NOTE | |||
r-devel-linux-x86_64-fedora-gcc | 0.0.2 | 55.08 | NOTE | |||
r-devel-windows-x86_64 | 0.0.2 | 7.00 | 46.00 | 53.00 | OK | |
r-patched-linux-x86_64 | 0.0.2 | 7.49 | 36.29 | 43.78 | OK | |
r-release-linux-x86_64 | 0.0.2 | 6.35 | 35.70 | 42.05 | OK | |
r-release-macos-arm64 | 0.0.2 | 26.00 | OK | |||
r-release-macos-x86_64 | 0.0.2 | 38.00 | OK | |||
r-release-windows-x86_64 | 0.0.2 | 8.00 | 56.00 | 64.00 | OK | |
r-oldrel-macos-arm64 | 0.0.2 | 27.00 | OK | |||
r-oldrel-windows-x86_64 | 0.0.2 | 9.00 | 65.00 | 74.00 | OK |
Version: 0.0.2
Check: data for non-ASCII characters
Result: NOTE
Note: found 135648 marked UTF-8 strings
Flavors: r-devel-linux-x86_64-fedora-clang, r-devel-linux-x86_64-fedora-gcc