Last updated on 2024-04-19 16:58:35 CEST.
Flavor | Version | Tinstall | Tcheck | Ttotal | Status | Flags |
---|---|---|---|---|---|---|
r-devel-linux-x86_64-debian-clang | 0.1.4.3 | 9.39 | 159.86 | 169.25 | OK | |
r-devel-linux-x86_64-debian-gcc | 0.1.4.3 | OK | ||||
r-devel-linux-x86_64-fedora-clang | 0.1.4.3 | 205.46 | NOTE | |||
r-devel-linux-x86_64-fedora-gcc | 0.1.4.3 | 211.98 | OK | |||
r-prerel-macos-arm64 | 0.1.4.3 | 67.00 | OK | |||
r-prerel-windows-x86_64 | 0.1.4.3 | 11.00 | 127.00 | 138.00 | OK | |
r-patched-linux-x86_64 | 0.1.4.3 | 9.69 | 151.16 | 160.85 | OK | |
r-release-linux-x86_64 | 0.1.4.3 | 8.91 | 150.45 | 159.36 | OK | |
r-release-macos-arm64 | 0.1.4.3 | 68.00 | OK | |||
r-release-macos-x86_64 | 0.1.4.3 | 108.00 | OK | |||
r-release-windows-x86_64 | 0.1.4.3 | 13.00 | 161.00 | 174.00 | OK | |
r-oldrel-macos-arm64 | 0.1.4.3 | 69.00 | NOTE | |||
r-oldrel-windows-x86_64 | 0.1.4.3 | 14.00 | 164.00 | 178.00 | OK |
Version: 0.1.4.3
Check: Rd cross-references
Result: NOTE
Undeclared packages ‘InvariantCausalPrediction’, ‘CompareCausalNetworks’ in Rd xrefs
Flavor: r-devel-linux-x86_64-fedora-clang
Version: 0.1.4.3
Check: package dependencies
Result: NOTE
Package suggested but not available for checking: ‘pcalg’
Flavor: r-oldrel-macos-arm64
Version: 0.1.4.3
Check: Rd cross-references
Result: NOTE
Package unavailable to check Rd xrefs: ‘pcalg’
Flavor: r-oldrel-macos-arm64