CRAN Package Check Results for Package baggingbwsel

Last updated on 2021-10-25 04:54:02 CEST.

Flavor Version Tinstall Tcheck Ttotal Status Flags
r-devel-linux-x86_64-debian-clang 1.0 23.33 52.61 75.94 OK
r-devel-linux-x86_64-debian-gcc 1.0 18.31 39.52 57.83 OK
r-devel-linux-x86_64-fedora-clang 1.0 109.92 NOTE
r-devel-linux-x86_64-fedora-gcc 1.0 91.77 NOTE
r-devel-windows-x86_64 1.0 34.00 75.00 109.00 OK
r-devel-windows-x86_64-gcc10-UCRT 1.0 NOTE
r-patched-linux-x86_64 1.0 21.99 51.73 73.72 OK
r-patched-solaris-x86 1.0 151.40 NOTE
r-release-linux-x86_64 1.0 20.72 50.84 71.56 OK
r-release-macos-arm64 1.0 NOTE
r-release-macos-x86_64 1.0 NOTE
r-release-windows-ix86+x86_64 1.0 40.00 133.00 173.00 OK
r-oldrel-macos-x86_64 1.0 NOTE
r-oldrel-windows-ix86+x86_64 1.0 59.00 127.00 186.00 OK

Check Details

Version: 1.0
Check: dependencies in R code
Result: NOTE
    Namespace in Imports field not imported from: ‘tkrplot’
     All declared Imports should be used.
Flavors: r-devel-linux-x86_64-fedora-clang, r-devel-linux-x86_64-fedora-gcc, r-devel-windows-x86_64-gcc10-UCRT, r-patched-solaris-x86, r-release-macos-arm64, r-release-macos-x86_64, r-oldrel-macos-x86_64