Last updated on 2024-04-19 16:58:35 CEST.
Flavor | Version | Tinstall | Tcheck | Ttotal | Status | Flags |
---|---|---|---|---|---|---|
r-devel-linux-x86_64-debian-clang | 0.7.8 | 811.01 | 379.97 | 1190.98 | OK | |
r-devel-linux-x86_64-debian-gcc | 0.7.8 | OK | ||||
r-devel-linux-x86_64-fedora-clang | 0.7.8 | 1466.08 | NOTE | |||
r-devel-linux-x86_64-fedora-gcc | 0.7.8 | 1992.79 | NOTE | |||
r-prerel-macos-arm64 | 0.7.8 | 358.00 | NOTE | |||
r-prerel-macos-x86_64 | 0.7.8 | 544.00 | NOTE | |||
r-prerel-windows-x86_64 | 0.7.8 | 620.00 | 360.00 | 980.00 | NOTE | |
r-patched-linux-x86_64 | 0.7.8 | 0.02 | 2.79 | 2.81 | ERROR | |
r-release-linux-x86_64 | 0.7.8 | 0.02 | 2.65 | 2.67 | ERROR | |
r-release-macos-arm64 | 0.7.8 | 346.00 | NOTE | |||
r-release-macos-x86_64 | 0.7.8 | 482.00 | NOTE | |||
r-release-windows-x86_64 | 0.7.8 | 818.00 | 461.00 | 1279.00 | NOTE | |
r-oldrel-macos-arm64 | 0.7.8 | 340.00 | NOTE | |||
r-oldrel-windows-x86_64 | 0.7.8 | 792.00 | 420.00 | 1212.00 | NOTE |
Version: 0.7.8
Check: installed package size
Result: NOTE
installed size is 9.0Mb
sub-directories of 1Mb or more:
libs 7.2Mb
Flavors: r-devel-linux-x86_64-fedora-clang, r-prerel-macos-arm64, r-prerel-macos-x86_64, r-prerel-windows-x86_64, r-release-macos-arm64, r-release-macos-x86_64, r-release-windows-x86_64, r-oldrel-macos-arm64, r-oldrel-windows-x86_64
Version: 0.7.8
Check: for GNU extensions in Makefiles
Result: NOTE
GNU make is a SystemRequirements.
Flavors: r-devel-linux-x86_64-fedora-clang, r-devel-linux-x86_64-fedora-gcc, r-prerel-macos-arm64, r-prerel-macos-x86_64, r-release-macos-arm64, r-release-macos-x86_64, r-oldrel-macos-arm64
Version: 0.7.8
Check: whether package can be installed
Result: ERROR
Installation failed.
Flavors: r-patched-linux-x86_64, r-release-linux-x86_64