CRAN Package Check Results for Package baggr

Last updated on 2021-10-25 12:59:19 CEST.

Flavor Version Tinstall Tcheck Ttotal Status Flags
r-devel-linux-x86_64-debian-clang 0.6.9 574.60 403.10 977.70 NOTE
r-devel-linux-x86_64-debian-gcc 0.6.9 496.98 331.92 828.90 NOTE
r-devel-linux-x86_64-fedora-clang 0.6.9 1392.89 NOTE
r-devel-linux-x86_64-fedora-gcc 0.6.9 1484.31 NOTE
r-devel-windows-x86_64 0.6.9 665.00 535.00 1200.00 NOTE
r-devel-windows-x86_64-gcc10-UCRT 0.6.9 NOTE
r-patched-linux-x86_64 0.6.9 478.46 443.87 922.33 NOTE
r-patched-solaris-x86 0.6.9 1276.90 NOTE
r-release-linux-x86_64 0.6.9 486.20 447.41 933.61 NOTE
r-release-macos-arm64 0.6.9 NOTE
r-release-macos-x86_64 0.6.9 NOTE
r-release-windows-ix86+x86_64 0.6.9 922.00 817.00 1739.00 NOTE
r-oldrel-macos-x86_64 0.6.9 NOTE
r-oldrel-windows-ix86+x86_64 0.6.9 286.00 8.00 294.00 ERROR

Check Details

Version: 0.6.9
Check: for GNU extensions in Makefiles
Result: NOTE
    GNU make is a SystemRequirements.
Flavors: r-devel-linux-x86_64-debian-clang, r-devel-linux-x86_64-debian-gcc, r-devel-linux-x86_64-fedora-clang, r-devel-linux-x86_64-fedora-gcc, r-devel-windows-x86_64, r-devel-windows-x86_64-gcc10-UCRT, r-patched-linux-x86_64, r-patched-solaris-x86, r-release-linux-x86_64, r-release-macos-arm64, r-release-macos-x86_64, r-release-windows-ix86+x86_64, r-oldrel-macos-x86_64

Version: 0.6.9
Check: installed package size
Result: NOTE
     installed size is 78.1Mb
     sub-directories of 1Mb or more:
     libs 76.4Mb
Flavors: r-devel-linux-x86_64-fedora-clang, r-devel-windows-x86_64, r-patched-solaris-x86, r-release-macos-arm64, r-release-macos-x86_64, r-release-windows-ix86+x86_64, r-oldrel-macos-x86_64

Version: 0.6.9
Check: whether package can be installed
Result: ERROR
    Installation failed.
Flavor: r-oldrel-windows-ix86+x86_64