Last updated on 2023-06-02 18:52:39 CEST.
Flavor | Version | Tinstall | Tcheck | Ttotal | Status | Flags |
---|---|---|---|---|---|---|
r-devel-linux-x86_64-debian-clang | 0.4.0 | 640.57 | 323.16 | 963.73 | NOTE | |
r-devel-linux-x86_64-debian-gcc | 0.4.0 | 576.17 | 273.17 | 849.34 | NOTE | |
r-devel-linux-x86_64-fedora-clang | 0.4.0 | 1209.69 | NOTE | |||
r-devel-linux-x86_64-fedora-gcc | 0.4.0 | 1128.17 | NOTE | |||
r-devel-windows-x86_64 | 0.4.0 | 468.00 | 295.00 | 763.00 | NOTE | |
r-patched-linux-x86_64 | 0.4.0 | NOTE | ||||
r-release-linux-x86_64 | 0.4.0 | 513.75 | 345.31 | 859.06 | NOTE | |
r-release-macos-arm64 | 0.4.0 | 366.00 | NOTE | |||
r-release-macos-x86_64 | 0.4.0 | 588.00 | NOTE | |||
r-release-windows-x86_64 | 0.4.0 | 613.00 | 384.00 | 997.00 | NOTE | |
r-oldrel-macos-arm64 | 0.4.0 | 252.00 | NOTE | |||
r-oldrel-macos-x86_64 | 0.4.0 | 416.00 | NOTE | |||
r-oldrel-windows-x86_64 | 0.4.0 | 554.00 | 370.00 | 924.00 | NOTE |
Version: 0.4.0
Check: for GNU extensions in Makefiles
Result: NOTE
GNU make is a SystemRequirements.
Flavors: r-devel-linux-x86_64-debian-clang, r-devel-linux-x86_64-debian-gcc, r-devel-linux-x86_64-fedora-clang, r-devel-linux-x86_64-fedora-gcc, r-devel-windows-x86_64, r-patched-linux-x86_64, r-release-linux-x86_64, r-release-macos-arm64, r-release-macos-x86_64, r-release-windows-x86_64, r-oldrel-macos-arm64, r-oldrel-macos-x86_64, r-oldrel-windows-x86_64
Version: 0.4.0
Check: installed package size
Result: NOTE
installed size is 7.4Mb
sub-directories of 1Mb or more:
libs 6.6Mb
Flavors: r-devel-linux-x86_64-fedora-clang, r-devel-windows-x86_64, r-release-macos-arm64, r-release-macos-x86_64, r-release-windows-x86_64, r-oldrel-macos-arm64, r-oldrel-macos-x86_64, r-oldrel-windows-x86_64
Version: 0.4.0
Check: dependencies in R code
Result: NOTE
Namespaces in Imports field not imported from:
‘RcppParallel’ ‘rstantools’
All declared Imports should be used.
Flavors: r-devel-linux-x86_64-fedora-clang, r-devel-linux-x86_64-fedora-gcc