Last updated on 2024-03-28 23:55:01 CET.
Flavor | Version | Tinstall | Tcheck | Ttotal | Status | Flags |
---|---|---|---|---|---|---|
r-devel-linux-x86_64-debian-clang | 0.2.0 | 2.37 | 30.74 | 33.11 | OK | |
r-devel-linux-x86_64-debian-gcc | 0.2.0 | 1.53 | 23.70 | 25.23 | OK | |
r-devel-linux-x86_64-fedora-clang | 0.2.0 | 42.14 | NOTE | |||
r-devel-linux-x86_64-fedora-gcc | 0.2.0 | 40.73 | NOTE | |||
r-devel-windows-x86_64 | 0.2.0 | 3.00 | 49.00 | 52.00 | OK | |
r-patched-linux-x86_64 | 0.2.0 | 2.44 | 30.07 | 32.51 | OK | |
r-release-linux-x86_64 | 0.2.0 | 2.26 | 30.34 | 32.60 | OK | |
r-release-macos-arm64 | 0.2.0 | 21.00 | OK | |||
r-release-macos-x86_64 | 0.2.0 | 27.00 | OK | |||
r-release-windows-x86_64 | 0.2.0 | 3.00 | 56.00 | 59.00 | OK | |
r-oldrel-macos-arm64 | 0.2.0 | 18.00 | OK | |||
r-oldrel-windows-x86_64 | 0.2.0 | 4.00 | 58.00 | 62.00 | OK |
Version: 0.2.0
Check: data for non-ASCII characters
Result: NOTE
Note: found 260 marked UTF-8 strings
Flavors: r-devel-linux-x86_64-fedora-clang, r-devel-linux-x86_64-fedora-gcc