Last updated on 2024-04-23 16:58:09 CEST.
Flavor | Version | Tinstall | Tcheck | Ttotal | Status | Flags |
---|---|---|---|---|---|---|
r-devel-linux-x86_64-debian-clang | 0.4.3 | 76.03 | 535.60 | 611.63 | NOTE | |
r-devel-linux-x86_64-debian-gcc | 0.4.3 | 60.30 | 374.51 | 434.81 | NOTE | |
r-devel-linux-x86_64-fedora-clang | 0.4.3 | 799.67 | NOTE | |||
r-devel-linux-x86_64-fedora-gcc | 0.4.3 | 767.08 | NOTE | |||
r-prerel-macos-arm64 | 0.4.3 | 225.00 | NOTE | |||
r-prerel-windows-x86_64 | 0.4.3 | 61.00 | 446.00 | 507.00 | NOTE | |
r-patched-linux-x86_64 | 0.4.3 | 74.79 | 481.96 | 556.75 | NOTE | |
r-release-linux-x86_64 | 0.4.3 | 72.74 | 497.01 | 569.75 | NOTE | |
r-release-macos-arm64 | 0.4.3 | 224.00 | NOTE | |||
r-release-macos-x86_64 | 0.4.3 | 422.00 | NOTE | |||
r-release-windows-x86_64 | 0.4.3 | 79.00 | 596.00 | 675.00 | NOTE | |
r-oldrel-macos-arm64 | 0.4.3 | 209.00 | OK | |||
r-oldrel-windows-x86_64 | 0.4.3 | 81.00 | 582.00 | 663.00 | OK |
Version: 0.4.3
Check: C++ specification
Result: NOTE
Specified C++11: please drop specification unless essential
Flavors: r-devel-linux-x86_64-debian-clang, r-devel-linux-x86_64-debian-gcc, r-devel-linux-x86_64-fedora-clang, r-devel-linux-x86_64-fedora-gcc, r-prerel-macos-arm64, r-prerel-windows-x86_64, r-patched-linux-x86_64, r-release-linux-x86_64, r-release-macos-arm64, r-release-macos-x86_64, r-release-windows-x86_64
Version: 0.4.3
Check: Rd files
Result: NOTE
checkRd: (-1) null_dispersion_field_distribution.Rd:34: Lost braces
34 | random values it uses the function code{\link[bamm]{permute_pam}}
| ^
Flavors: r-devel-linux-x86_64-debian-clang, r-devel-linux-x86_64-debian-gcc, r-devel-linux-x86_64-fedora-clang, r-devel-linux-x86_64-fedora-gcc, r-prerel-macos-arm64, r-prerel-windows-x86_64, r-patched-linux-x86_64