Last updated on 2024-04-20 08:50:44 CEST.
Flavor | Version | Tinstall | Tcheck | Ttotal | Status | Flags |
---|---|---|---|---|---|---|
r-devel-linux-x86_64-debian-clang | 1.1 | 0.66 | 1.93 | 2.59 | ERROR | |
r-devel-linux-x86_64-debian-gcc | 1.1 | 1.57 | 1.57 | ERROR | ||
r-devel-linux-x86_64-fedora-clang | 1.1 | 481.97 | OK | |||
r-devel-linux-x86_64-fedora-gcc | 1.1 | 461.36 | OK | |||
r-prerel-macos-arm64 | 1.1 | 122.00 | OK | |||
r-prerel-macos-x86_64 | 1.1 | 238.00 | OK | |||
r-prerel-windows-x86_64 | 1.1 | 31.00 | 242.00 | 273.00 | OK | |
r-patched-linux-x86_64 | 1.1 | 31.20 | 317.85 | 349.05 | OK | |
r-release-linux-x86_64 | 1.1 | 24.47 | 335.63 | 360.10 | OK | |
r-release-macos-arm64 | 1.1 | 139.00 | NOTE | |||
r-release-macos-x86_64 | 1.1 | 250.00 | NOTE | |||
r-release-windows-x86_64 | 1.1 | 42.00 | 325.00 | 367.00 | OK | |
r-oldrel-macos-arm64 | 1.1 | 120.00 | NOTE | |||
r-oldrel-windows-x86_64 | 1.1 | 41.00 | 306.00 | 347.00 | OK |
Version: 1.1
Check: package dependencies
Result: ERROR
Packages required but not available: 'sva', 'affyPLM'
Package suggested but not available for checking: ‘ArrayExpress’
See section ‘The DESCRIPTION file’ in the ‘Writing R Extensions’
manual.
Flavor: r-devel-linux-x86_64-debian-clang
Version: 1.1
Check: package dependencies
Result: ERROR
Package required but not available: ‘sva’
Package suggested but not available for checking: ‘ArrayExpress’
See section ‘The DESCRIPTION file’ in the ‘Writing R Extensions’
manual.
Flavor: r-devel-linux-x86_64-debian-gcc
Version: 1.1
Check: package dependencies
Result: NOTE
Package suggested but not available for checking: ‘ArrayExpress’
Flavors: r-release-macos-arm64, r-release-macos-x86_64, r-oldrel-macos-arm64