CRAN Package Check Results for Package barcode

Last updated on 2023-06-04 08:57:04 CEST.

Flavor Version Tinstall Tcheck Ttotal Status Flags
r-devel-linux-x86_64-debian-clang 1.3.0 2.40 24.72 27.12 NOTE
r-devel-linux-x86_64-debian-gcc 1.3.0 2.04 20.03 22.07 NOTE
r-devel-linux-x86_64-fedora-clang 1.3.0 35.45 NOTE
r-devel-linux-x86_64-fedora-gcc 1.3.0 33.74 NOTE
r-devel-windows-x86_64 1.3.0 4.00 41.00 45.00 NOTE
r-patched-linux-x86_64 1.3.0 2.03 25.10 27.13 NOTE
r-release-linux-x86_64 1.3.0 2.49 24.79 27.28 NOTE
r-release-macos-arm64 1.3.0 16.00 NOTE
r-release-macos-x86_64 1.3.0 23.00 NOTE
r-release-windows-x86_64 1.3.0 4.00 41.00 45.00 NOTE
r-oldrel-macos-arm64 1.3.0 18.00 OK
r-oldrel-macos-x86_64 1.3.0 25.00 OK
r-oldrel-windows-x86_64 1.3.0 4.00 46.00 50.00 OK

Check Details

Version: 1.3.0
Check: Rd files
Result: NOTE
    checkRd: (-1) barcode.Rd:52: Escaped LaTeX specials: \&
Flavors: r-devel-linux-x86_64-debian-clang, r-devel-linux-x86_64-debian-gcc, r-devel-linux-x86_64-fedora-clang, r-devel-linux-x86_64-fedora-gcc, r-devel-windows-x86_64, r-patched-linux-x86_64, r-release-linux-x86_64, r-release-macos-arm64, r-release-macos-x86_64, r-release-windows-x86_64

Version: 1.3.0
Check: Rd cross-references
Result: NOTE
    Undeclared package ‘YaleToolkit’ in Rd xrefs
Flavor: r-devel-linux-x86_64-fedora-clang