CRAN Package Check Results for Package barcode

Last updated on 2024-06-15 00:54:01 CEST.

Flavor Version Tinstall Tcheck Ttotal Status Flags
r-devel-linux-x86_64-debian-clang 1.3.0 2.45 25.96 28.41 NOTE
r-devel-linux-x86_64-debian-gcc 1.3.0 1.99 20.33 22.32 NOTE
r-devel-linux-x86_64-fedora-clang 1.3.0 37.53 NOTE
r-devel-linux-x86_64-fedora-gcc 1.3.0 34.47 NOTE
r-devel-windows-x86_64 1.3.0 3.00 41.00 44.00 NOTE
r-patched-linux-x86_64 1.3.0 2.49 25.10 27.59 NOTE
r-release-linux-x86_64 1.3.0 2.27 24.61 26.88 NOTE
r-release-macos-arm64 1.3.0 16.00 NOTE
r-release-macos-x86_64 1.3.0 23.00 NOTE
r-release-windows-x86_64 1.3.0 3.00 43.00 46.00 NOTE
r-oldrel-macos-arm64 1.3.0 16.00 NOTE
r-oldrel-macos-x86_64 1.3.0 23.00 NOTE
r-oldrel-windows-x86_64 1.3.0 3.00 42.00 45.00 NOTE

Check Details

Version: 1.3.0
Check: Rd files
Result: NOTE checkRd: (-1) barcode.Rd:52: Escaped LaTeX specials: \& Flavors: r-devel-linux-x86_64-debian-clang, r-devel-linux-x86_64-debian-gcc, r-devel-linux-x86_64-fedora-clang, r-devel-linux-x86_64-fedora-gcc, r-devel-windows-x86_64, r-patched-linux-x86_64, r-release-linux-x86_64, r-release-macos-arm64, r-release-macos-x86_64, r-release-windows-x86_64, r-oldrel-macos-arm64, r-oldrel-macos-x86_64, r-oldrel-windows-x86_64

Version: 1.3.0
Check: Rd cross-references
Result: NOTE Undeclared package ‘YaleToolkit’ in Rd xrefs Flavor: r-devel-linux-x86_64-fedora-clang