CRAN Package Check Results for Package basf

Last updated on 2023-10-03 01:04:45 CEST.

Flavor Version Tinstall Tcheck Ttotal Status Flags
r-devel-linux-x86_64-debian-clang 0.2.0 6.76 72.86 79.62 NOTE
r-devel-linux-x86_64-debian-gcc 0.2.0 4.57 53.35 57.92 NOTE
r-devel-linux-x86_64-fedora-clang 0.2.0 91.76 NOTE
r-devel-linux-x86_64-fedora-gcc 0.2.0 95.27 NOTE
r-devel-windows-x86_64 0.2.0 7.00 67.00 74.00 NOTE
r-patched-linux-x86_64 0.2.0 5.94 69.14 75.08 NOTE
r-release-linux-x86_64 0.2.0 6.92 68.98 75.90 NOTE
r-release-macos-arm64 0.2.0 30.00 NOTE
r-release-macos-x86_64 0.2.0 50.00 NOTE
r-release-windows-x86_64 0.2.0 10.00 78.00 88.00 NOTE
r-oldrel-macos-arm64 0.2.0 29.00 NOTE
r-oldrel-macos-x86_64 0.2.0 41.00 NOTE
r-oldrel-windows-x86_64 0.2.0 8.00 86.00 94.00 NOTE

Check Details

Version: 0.2.0
Check: LazyData
Result: NOTE
     'LazyData' is specified without a 'data' directory
Flavors: r-devel-linux-x86_64-debian-clang, r-devel-linux-x86_64-debian-gcc, r-devel-linux-x86_64-fedora-clang, r-devel-linux-x86_64-fedora-gcc, r-devel-windows-x86_64, r-patched-linux-x86_64, r-release-linux-x86_64, r-release-macos-arm64, r-release-macos-x86_64, r-release-windows-x86_64, r-oldrel-macos-arm64, r-oldrel-macos-x86_64, r-oldrel-windows-x86_64