Last updated on 2024-04-18 08:54:22 CEST.
Flavor | Version | Tinstall | Tcheck | Ttotal | Status | Flags |
---|---|---|---|---|---|---|
r-devel-linux-x86_64-debian-clang | 1.0.1 | 41.56 | 1014.84 | 1056.40 | OK | |
r-devel-linux-x86_64-debian-gcc | 1.0.1 | 31.03 | 653.05 | 684.08 | OK | |
r-devel-linux-x86_64-fedora-clang | 1.0.1 | 1292.32 | NOTE | |||
r-devel-linux-x86_64-fedora-gcc | 1.0.1 | 1267.98 | NOTE | |||
r-prerel-macos-arm64 | 1.0.1 | 248.00 | OK | |||
r-prerel-macos-x86_64 | 1.0.1 | 945.00 | OK | |||
r-prerel-windows-x86_64 | 1.0.1 | 38.00 | 558.00 | 596.00 | OK | |
r-patched-linux-x86_64 | 1.0.1 | 40.11 | 882.61 | 922.72 | OK | |
r-release-linux-x86_64 | 1.0.1 | 44.46 | 913.00 | 957.46 | OK | |
r-release-macos-arm64 | 1.0.1 | 230.00 | OK | |||
r-release-macos-x86_64 | 1.0.1 | 642.00 | OK | |||
r-release-windows-x86_64 | 1.0.1 | 47.00 | 823.00 | 870.00 | OK | |
r-oldrel-macos-arm64 | 1.0.1 | 232.00 | OK | |||
r-oldrel-windows-x86_64 | 1.0.1 | 45.00 | 819.00 | 864.00 | OK |
Version: 1.0.1
Check: dependencies in R code
Result: NOTE
Namespace in Imports field not imported from: ‘ggplot2’
All declared Imports should be used.
Flavors: r-devel-linux-x86_64-fedora-clang, r-devel-linux-x86_64-fedora-gcc