CRAN Package Check Results for Package batata

Last updated on 2021-10-24 00:50:51 CEST.

Flavor Version Tinstall Tcheck Ttotal Status Flags
r-devel-linux-x86_64-debian-clang 0.2.1 2.45 25.61 28.06 NOTE
r-devel-linux-x86_64-debian-gcc 0.2.1 1.83 20.49 22.32 NOTE
r-devel-linux-x86_64-fedora-clang 0.2.1 45.36 NOTE
r-devel-linux-x86_64-fedora-gcc 0.2.1 36.06 NOTE
r-devel-windows-x86_64 0.2.1 5.00 45.00 50.00 NOTE
r-devel-windows-x86_64-gcc10-UCRT 0.2.1 NOTE
r-patched-linux-x86_64 0.2.1 2.46 24.98 27.44 NOTE
r-patched-solaris-x86 0.2.1 53.00 NOTE
r-release-linux-x86_64 0.2.1 2.44 25.00 27.44 NOTE
r-release-macos-arm64 0.2.1 NOTE
r-release-macos-x86_64 0.2.1 NOTE
r-release-windows-ix86+x86_64 0.2.1 5.00 43.00 48.00 NOTE
r-oldrel-macos-x86_64 0.2.1 OK
r-oldrel-windows-ix86+x86_64 0.2.1 6.00 45.00 51.00 OK

Check Details

Version: 0.2.1
Check: LazyData
Result: NOTE
     'LazyData' is specified without a 'data' directory
Flavors: r-devel-linux-x86_64-debian-clang, r-devel-linux-x86_64-debian-gcc, r-devel-linux-x86_64-fedora-clang, r-devel-linux-x86_64-fedora-gcc, r-devel-windows-x86_64, r-devel-windows-x86_64-gcc10-UCRT, r-patched-linux-x86_64, r-patched-solaris-x86, r-release-linux-x86_64, r-release-macos-arm64, r-release-macos-x86_64, r-release-windows-ix86+x86_64