Last updated on 2024-07-18 00:54:48 CEST.
Flavor | Version | Tinstall | Tcheck | Ttotal | Status | Flags |
---|---|---|---|---|---|---|
r-devel-linux-x86_64-debian-clang | 0.1.0 | 7.55 | 159.25 | 166.80 | OK | |
r-devel-linux-x86_64-debian-gcc | 0.1.0 | 5.65 | 110.44 | 116.09 | OK | |
r-devel-linux-x86_64-fedora-clang | 0.1.0 | 208.02 | NOTE | |||
r-devel-linux-x86_64-fedora-gcc | 0.1.0 | 205.56 | NOTE | |||
r-devel-windows-x86_64 | 0.1.0 | 7.00 | 112.00 | 119.00 | OK | |
r-patched-linux-x86_64 | 0.1.0 | 4.80 | 147.18 | 151.98 | OK | |
r-release-linux-x86_64 | 0.1.0 | 5.19 | 154.29 | 159.48 | OK | |
r-release-macos-arm64 | 0.1.0 | 59.00 | OK | |||
r-release-macos-x86_64 | 0.1.0 | 86.00 | OK | |||
r-release-windows-x86_64 | 0.1.0 | 7.00 | 110.00 | 117.00 | OK | |
r-oldrel-macos-arm64 | 0.1.0 | 61.00 | OK | |||
r-oldrel-macos-x86_64 | 0.1.0 | 105.00 | OK | |||
r-oldrel-windows-x86_64 | 0.1.0 | 10.00 | 145.00 | 155.00 | OK |
Version: 0.1.0
Check: dependencies in R code
Result: NOTE
Namespace in Imports field not imported from: ‘vtable’
All declared Imports should be used.
Flavors: r-devel-linux-x86_64-fedora-clang, r-devel-linux-x86_64-fedora-gcc