CRAN Package Check Results for Package bate

Last updated on 2023-06-10 00:54:39 CEST.

Flavor Version Tinstall Tcheck Ttotal Status Flags
r-devel-linux-x86_64-debian-clang 0.1.0 8.10 150.72 158.82 OK
r-devel-linux-x86_64-debian-gcc 0.1.0 5.13 110.75 115.88 OK
r-devel-linux-x86_64-fedora-clang 0.1.0 190.95 NOTE
r-devel-linux-x86_64-fedora-gcc 0.1.0 199.87 NOTE
r-devel-windows-x86_64 0.1.0 8.00 111.00 119.00 OK
r-patched-linux-x86_64 0.1.0 6.38 141.08 147.46 OK
r-release-linux-x86_64 0.1.0 4.46 141.48 145.94 OK
r-release-macos-arm64 0.1.0 61.00 OK
r-release-macos-x86_64 0.1.0 105.00 OK
r-release-windows-x86_64 0.1.0 10.00 145.00 155.00 OK
r-oldrel-macos-arm64 0.1.0 97.00 NOTE
r-oldrel-macos-x86_64 0.1.0 151.00 NOTE
r-oldrel-windows-x86_64 0.1.0 10.00 150.00 160.00 OK

Check Details

Version: 0.1.0
Check: dependencies in R code
Result: NOTE
    Namespace in Imports field not imported from: ‘vtable’
     All declared Imports should be used.
Flavors: r-devel-linux-x86_64-fedora-clang, r-devel-linux-x86_64-fedora-gcc, r-oldrel-macos-arm64, r-oldrel-macos-x86_64