Last updated on 2024-03-28 15:49:41 CET.
Flavor | Version | Tinstall | Tcheck | Ttotal | Status | Flags |
---|---|---|---|---|---|---|
r-devel-linux-x86_64-debian-clang | 0.1.0 | 27.94 | 28.45 | 56.39 | OK | |
r-devel-linux-x86_64-debian-gcc | 0.1.0 | 20.97 | 22.53 | 43.50 | OK | |
r-devel-linux-x86_64-fedora-clang | 0.1.0 | 83.72 | NOTE | |||
r-devel-linux-x86_64-fedora-gcc | 0.1.0 | 76.11 | NOTE | |||
r-devel-windows-x86_64 | 0.1.0 | 23.00 | 61.00 | 84.00 | OK | |
r-patched-linux-x86_64 | 0.1.0 | 25.32 | 28.40 | 53.72 | OK | |
r-release-linux-x86_64 | 0.1.0 | 24.01 | 28.59 | 52.60 | OK | |
r-release-macos-arm64 | 0.1.0 | 24.00 | OK | |||
r-release-macos-x86_64 | 0.1.0 | 39.00 | OK | |||
r-release-windows-x86_64 | 0.1.0 | 22.00 | 70.00 | 92.00 | OK | |
r-oldrel-macos-arm64 | 0.1.0 | 25.00 | OK | |||
r-oldrel-windows-x86_64 | 0.1.0 | 26.00 | 68.00 | 94.00 | OK |
Version: 0.1.0
Check: data for non-ASCII characters
Result: NOTE
Note: found 19 marked UTF-8 strings
Flavors: r-devel-linux-x86_64-fedora-clang, r-devel-linux-x86_64-fedora-gcc
Version: 0.1.0
Check: compiled code
Result: NOTE
File ‘batman/libs/batman.so’:
Found no calls to: ‘R_registerRoutines’, ‘R_useDynamicSymbols’
It is good practice to register native routines and to disable symbol
search.
See ‘Writing portable packages’ in the ‘Writing R Extensions’ manual.
Flavors: r-devel-linux-x86_64-fedora-clang, r-devel-linux-x86_64-fedora-gcc