CRAN Package Check Results for Package bayes4psy

Last updated on 2021-10-18 12:58:06 CEST.

Flavor Version Tinstall Tcheck Ttotal Status Flags
r-devel-linux-x86_64-debian-clang 1.2.8 524.18 315.53 839.71 NOTE
r-devel-linux-x86_64-debian-gcc 1.2.8 467.58 242.86 710.44 NOTE
r-devel-linux-x86_64-fedora-clang 1.2.8 1174.64 NOTE
r-devel-linux-x86_64-fedora-gcc 1.2.8 1260.74 NOTE
r-devel-windows-x86_64 1.2.8 643.00 444.00 1087.00 NOTE
r-devel-windows-x86_64-gcc10-UCRT 1.2.8 NOTE
r-patched-linux-x86_64 1.2.8 523.98 339.84 863.82 NOTE
r-patched-solaris-x86 1.2.8 987.40 NOTE
r-release-linux-x86_64 1.2.8 529.12 344.02 873.14 NOTE
r-release-macos-arm64 1.2.8 NOTE
r-release-macos-x86_64 1.2.8 NOTE
r-release-windows-ix86+x86_64 1.2.8 564.00 466.00 1030.00 NOTE
r-oldrel-macos-x86_64 1.2.8 ERROR
r-oldrel-windows-ix86+x86_64 1.2.8 266.00 8.00 274.00 ERROR

Check Details

Version: 1.2.8
Check: for GNU extensions in Makefiles
Result: NOTE
    GNU make is a SystemRequirements.
Flavors: r-devel-linux-x86_64-debian-clang, r-devel-linux-x86_64-debian-gcc, r-devel-linux-x86_64-fedora-clang, r-devel-linux-x86_64-fedora-gcc, r-devel-windows-x86_64, r-devel-windows-x86_64-gcc10-UCRT, r-patched-linux-x86_64, r-patched-solaris-x86, r-release-linux-x86_64, r-release-macos-arm64, r-release-macos-x86_64, r-release-windows-ix86+x86_64

Version: 1.2.8
Check: installed package size
Result: NOTE
     installed size is 63.1Mb
     sub-directories of 1Mb or more:
     libs 61.1Mb
Flavors: r-devel-linux-x86_64-fedora-clang, r-devel-windows-x86_64, r-patched-solaris-x86, r-release-macos-arm64, r-release-macos-x86_64, r-release-windows-ix86+x86_64

Version: 1.2.8
Check: dependencies in R code
Result: NOTE
    Namespaces in Imports field not imported from:
     ‘scales’ ‘utils’
     All declared Imports should be used.
Flavors: r-devel-linux-x86_64-fedora-clang, r-devel-linux-x86_64-fedora-gcc, r-devel-windows-x86_64-gcc10-UCRT, r-patched-solaris-x86, r-release-macos-arm64, r-release-macos-x86_64

Version: 1.2.8
Check: line endings in C/C++/Fortran sources/headers
Result: NOTE
    Found the following sources/headers with CR or CRLF line endings:
     src/stan_files/color.hpp
     src/stan_files/linear.hpp
     src/stan_files/reaction_time.hpp
     src/stan_files/success_rate.hpp
     src/stan_files/ttest.hpp
    Some Unix compilers require LF line endings.
Flavor: r-devel-windows-x86_64-gcc10-UCRT

Version: 1.2.8
Check: package dependencies
Result: ERROR
    Package required and available but unsuitable version: ‘rstan’
    
    See section ‘The DESCRIPTION file’ in the ‘Writing R Extensions’
    manual.
Flavor: r-oldrel-macos-x86_64

Version: 1.2.8
Check: whether package can be installed
Result: ERROR
    Installation failed.
Flavor: r-oldrel-windows-ix86+x86_64