Last updated on 2024-03-28 23:55:01 CET.
Flavor | Version | Tinstall | Tcheck | Ttotal | Status | Flags |
---|---|---|---|---|---|---|
r-devel-linux-x86_64-debian-clang | 1.2.12 | 730.64 | 403.94 | 1134.58 | NOTE | |
r-devel-linux-x86_64-debian-gcc | 1.2.12 | 678.69 | 356.10 | 1034.79 | NOTE | |
r-devel-linux-x86_64-fedora-clang | 1.2.12 | 1398.34 | NOTE | |||
r-devel-linux-x86_64-fedora-gcc | 1.2.12 | 1496.94 | NOTE | |||
r-devel-windows-x86_64 | 1.2.12 | 544.00 | 392.00 | 936.00 | NOTE | |
r-patched-linux-x86_64 | 1.2.12 | 579.54 | 476.52 | 1056.06 | NOTE | |
r-release-linux-x86_64 | 1.2.12 | 0.02 | 2.83 | 2.85 | ERROR | |
r-release-macos-arm64 | 1.2.12 | 348.00 | NOTE | |||
r-release-macos-x86_64 | 1.2.12 | 485.00 | NOTE | |||
r-release-windows-x86_64 | 1.2.12 | 706.00 | 493.00 | 1199.00 | NOTE | |
r-oldrel-macos-arm64 | 1.2.12 | 365.00 | NOTE | |||
r-oldrel-windows-x86_64 | 1.2.12 | 691.00 | 471.00 | 1162.00 | NOTE |
Version: 1.2.12
Check: for GNU extensions in Makefiles
Result: NOTE
GNU make is a SystemRequirements.
Flavors: r-devel-linux-x86_64-debian-clang, r-devel-linux-x86_64-debian-gcc, r-devel-linux-x86_64-fedora-clang, r-devel-linux-x86_64-fedora-gcc, r-devel-windows-x86_64, r-patched-linux-x86_64, r-release-macos-arm64, r-release-macos-x86_64, r-release-windows-x86_64, r-oldrel-macos-arm64, r-oldrel-windows-x86_64
Version: 1.2.12
Check: installed package size
Result: NOTE
installed size is 10.0Mb
sub-directories of 1Mb or more:
doc 1.9Mb
libs 6.5Mb
Flavors: r-devel-linux-x86_64-fedora-clang, r-devel-windows-x86_64, r-release-macos-arm64, r-release-macos-x86_64, r-release-windows-x86_64, r-oldrel-macos-arm64, r-oldrel-windows-x86_64
Version: 1.2.12
Check: whether package can be installed
Result: ERROR
Installation failed.
Flavor: r-release-linux-x86_64