Last updated on 2024-04-19 08:54:33 CEST.
Flavor | Version | Tinstall | Tcheck | Ttotal | Status | Flags |
---|---|---|---|---|---|---|
r-devel-linux-x86_64-debian-clang | 1.1.3 | 21.29 | 97.81 | 119.10 | NOTE | |
r-devel-linux-x86_64-debian-gcc | 1.1.3 | NOTE | ||||
r-devel-linux-x86_64-fedora-clang | 1.1.3 | 158.36 | NOTE | |||
r-devel-linux-x86_64-fedora-gcc | 1.1.3 | 165.50 | NOTE | |||
r-prerel-macos-arm64 | 1.1.3 | 50.00 | NOTE | |||
r-prerel-windows-x86_64 | 1.1.3 | 22.00 | 111.00 | 133.00 | NOTE | |
r-patched-linux-x86_64 | 1.1.3 | 23.40 | 94.82 | 118.22 | NOTE | |
r-release-linux-x86_64 | 1.1.3 | 23.45 | 90.98 | 114.43 | OK | |
r-release-macos-arm64 | 1.1.3 | 55.00 | OK | |||
r-release-macos-x86_64 | 1.1.3 | 84.00 | OK | |||
r-release-windows-x86_64 | 1.1.3 | 25.00 | 132.00 | 157.00 | OK | |
r-oldrel-macos-arm64 | 1.1.3 | 51.00 | OK | |||
r-oldrel-windows-x86_64 | 1.1.3 | 25.00 | 129.00 | 154.00 | OK |
Version: 1.1.3
Check: Rd files
Result: NOTE
checkRd: (-1) plotDistributions.Rd:32: Lost braces
32 | plot{...} functions are generated programmatically so the function calls in
| ^
Flavors: r-devel-linux-x86_64-debian-clang, r-devel-linux-x86_64-debian-gcc, r-devel-linux-x86_64-fedora-clang, r-devel-linux-x86_64-fedora-gcc, r-prerel-macos-arm64, r-prerel-windows-x86_64, r-patched-linux-x86_64