Last updated on 2024-04-26 16:54:39 CEST.
Flavor | Version | Tinstall | Tcheck | Ttotal | Status | Flags |
---|---|---|---|---|---|---|
r-devel-linux-x86_64-debian-clang | 3.0.4 | 6.36 | 30.76 | 37.12 | NOTE | |
r-devel-linux-x86_64-debian-gcc | 3.0.4 | 4.27 | 23.07 | 27.34 | NOTE | |
r-devel-linux-x86_64-fedora-clang | 3.0.4 | 46.73 | NOTE | |||
r-devel-linux-x86_64-fedora-gcc | 3.0.4 | 44.04 | NOTE | |||
r-devel-windows-x86_64 | 3.0.4 | 7.00 | 46.00 | 53.00 | NOTE | |
r-patched-linux-x86_64 | 3.0.4 | 6.48 | 29.72 | 36.20 | NOTE | |
r-release-linux-x86_64 | 3.0.4 | 6.28 | 29.72 | 36.00 | OK | |
r-release-macos-arm64 | 3.0.4 | 18.00 | NOTE | |||
r-release-windows-x86_64 | 3.0.4 | 7.00 | 45.00 | 52.00 | NOTE | |
r-oldrel-macos-arm64 | 3.0.4 | 22.00 | OK | |||
r-oldrel-macos-x86_64 | 3.0.4 | 43.00 | OK | |||
r-oldrel-windows-x86_64 | 3.0.4 | 10.00 | 48.00 | 58.00 | OK |
Version: 3.0.4
Check: Rd files
Result: NOTE
checkRd: (-1) bayesDccGarch.Rd:91: Lost braces; missing escapes or markup?
91 | \item{$H_n1 }{ Bayesian prediction of volatilities and co-volatilities for y_{n+1}.}
| ^
checkRd: (-1) bayesDccGarch.Rd:92: Lost braces; missing escapes or markup?
92 | \item{$R_n1 }{ Bayesian prediction of coditional correlation for y_{n+1}.}
| ^
Flavors: r-devel-linux-x86_64-debian-clang, r-devel-linux-x86_64-debian-gcc, r-devel-linux-x86_64-fedora-clang, r-devel-linux-x86_64-fedora-gcc, r-devel-windows-x86_64, r-patched-linux-x86_64, r-release-macos-arm64, r-release-windows-x86_64