Last updated on 2023-12-04 16:53:20 CET.
Flavor | Version | Tinstall | Tcheck | Ttotal | Status | Flags |
---|---|---|---|---|---|---|
r-devel-linux-x86_64-debian-clang | 0.0.5 | 139.70 | 127.41 | 267.11 | NOTE | |
r-devel-linux-x86_64-debian-gcc | 0.0.5 | 124.68 | 98.26 | 222.94 | NOTE | |
r-devel-linux-x86_64-fedora-clang | 0.0.5 | 370.69 | NOTE | |||
r-devel-linux-x86_64-fedora-gcc | 0.0.5 | 404.12 | NOTE | |||
r-devel-windows-x86_64 | 0.0.5 | 122.00 | 123.00 | 245.00 | NOTE | |
r-patched-linux-x86_64 | 0.0.5 | 139.07 | 127.34 | 266.41 | NOTE | |
r-release-linux-x86_64 | 0.0.5 | 114.96 | 128.61 | 243.57 | NOTE | |
r-release-macos-arm64 | 0.0.5 | 159.00 | NOTE | |||
r-release-macos-x86_64 | 0.0.5 | 373.00 | NOTE | |||
r-release-windows-x86_64 | 0.0.5 | 152.00 | 149.00 | 301.00 | NOTE | |
r-oldrel-macos-arm64 | 0.0.5 | 147.00 | NOTE | |||
r-oldrel-macos-x86_64 | 0.0.5 | 178.00 | NOTE | |||
r-oldrel-windows-x86_64 | 0.0.5 | 140.00 | 145.00 | 285.00 | NOTE |
Version: 0.0.5
Check: for GNU extensions in Makefiles
Result: NOTE
GNU make is a SystemRequirements.
Flavors: r-devel-linux-x86_64-debian-clang, r-devel-linux-x86_64-debian-gcc, r-devel-linux-x86_64-fedora-clang, r-devel-linux-x86_64-fedora-gcc, r-devel-windows-x86_64, r-patched-linux-x86_64, r-release-linux-x86_64, r-release-macos-arm64, r-release-macos-x86_64, r-release-windows-x86_64, r-oldrel-macos-arm64, r-oldrel-macos-x86_64, r-oldrel-windows-x86_64
Version: 0.0.5
Check: installed package size
Result: NOTE
installed size is 32.0Mb
sub-directories of 1Mb or more:
libs 31.8Mb
Flavors: r-release-macos-arm64, r-release-macos-x86_64, r-oldrel-macos-arm64, r-oldrel-macos-x86_64