Last updated on 2024-03-28 23:55:01 CET.
Flavor | Version | Tinstall | Tcheck | Ttotal | Status | Flags |
---|---|---|---|---|---|---|
r-devel-linux-x86_64-debian-clang | 0.0.5 | 178.57 | 126.88 | 305.45 | NOTE | |
r-devel-linux-x86_64-debian-gcc | 0.0.5 | 149.67 | 103.07 | 252.74 | NOTE | |
r-devel-linux-x86_64-fedora-clang | 0.0.5 | 377.98 | NOTE | |||
r-devel-linux-x86_64-fedora-gcc | 0.0.5 | 454.68 | NOTE | |||
r-devel-windows-x86_64 | 0.0.5 | 133.00 | 126.00 | 259.00 | NOTE | |
r-patched-linux-x86_64 | 0.0.5 | 127.22 | 132.55 | 259.77 | NOTE | |
r-release-linux-x86_64 | 0.0.5 | 133.74 | 132.24 | 265.98 | NOTE | |
r-release-macos-arm64 | 0.0.5 | 159.00 | NOTE | |||
r-release-macos-x86_64 | 0.0.5 | 373.00 | NOTE | |||
r-release-windows-x86_64 | 0.0.5 | 168.00 | 155.00 | 323.00 | NOTE | |
r-oldrel-macos-arm64 | 0.0.5 | 147.00 | NOTE | |||
r-oldrel-windows-x86_64 | 0.0.5 | 160.00 | 145.00 | 305.00 | NOTE |
Version: 0.0.5
Check: for GNU extensions in Makefiles
Result: NOTE
GNU make is a SystemRequirements.
Flavors: r-devel-linux-x86_64-debian-clang, r-devel-linux-x86_64-debian-gcc, r-devel-linux-x86_64-fedora-clang, r-devel-linux-x86_64-fedora-gcc, r-devel-windows-x86_64, r-patched-linux-x86_64, r-release-linux-x86_64, r-release-macos-arm64, r-release-macos-x86_64, r-release-windows-x86_64, r-oldrel-macos-arm64, r-oldrel-windows-x86_64
Version: 0.0.5
Check: installed package size
Result: NOTE
installed size is 32.0Mb
sub-directories of 1Mb or more:
libs 31.8Mb
Flavors: r-release-macos-arm64, r-release-macos-x86_64, r-oldrel-macos-arm64