Last updated on 2023-06-05 16:54:49 CEST.
Flavor | Version | Tinstall | Tcheck | Ttotal | Status | Flags |
---|---|---|---|---|---|---|
r-devel-linux-x86_64-debian-clang | 0.0.4 | 140.44 | 84.37 | 224.81 | NOTE | |
r-devel-linux-x86_64-debian-gcc | 0.0.4 | 112.83 | 69.86 | 182.69 | NOTE | |
r-devel-linux-x86_64-fedora-clang | 0.0.4 | 272.57 | NOTE | |||
r-devel-linux-x86_64-fedora-gcc | 0.0.4 | 325.48 | NOTE | |||
r-devel-windows-x86_64 | 0.0.4 | 107.00 | 105.00 | 212.00 | NOTE | |
r-patched-linux-x86_64 | 0.0.4 | 99.87 | 86.94 | 186.81 | NOTE | |
r-release-linux-x86_64 | 0.0.4 | 92.49 | 85.69 | 178.18 | NOTE | |
r-release-macos-arm64 | 0.0.4 | 94.00 | NOTE | |||
r-release-macos-x86_64 | 0.0.4 | 139.00 | NOTE | |||
r-release-windows-x86_64 | 0.0.4 | 139.00 | 131.00 | 270.00 | NOTE | |
r-oldrel-macos-arm64 | 0.0.4 | 80.00 | NOTE | |||
r-oldrel-macos-x86_64 | 0.0.4 | 123.00 | NOTE | |||
r-oldrel-windows-x86_64 | 0.0.4 | 129.00 | 127.00 | 256.00 | NOTE |
Version: 0.0.4
Check: for GNU extensions in Makefiles
Result: NOTE
GNU make is a SystemRequirements.
Flavors: r-devel-linux-x86_64-debian-clang, r-devel-linux-x86_64-debian-gcc, r-devel-linux-x86_64-fedora-clang, r-devel-linux-x86_64-fedora-gcc, r-devel-windows-x86_64, r-patched-linux-x86_64, r-release-linux-x86_64, r-release-macos-arm64, r-release-macos-x86_64, r-release-windows-x86_64, r-oldrel-macos-arm64, r-oldrel-macos-x86_64, r-oldrel-windows-x86_64
Version: 0.0.4
Check: installed package size
Result: NOTE
installed size is 34.5Mb
sub-directories of 1Mb or more:
libs 34.2Mb
Flavors: r-release-macos-arm64, r-release-macos-x86_64, r-oldrel-macos-arm64, r-oldrel-macos-x86_64