CRAN Package Check Results for Package bayesdfa

Last updated on 2024-02-25 16:51:35 CET.

Flavor Version Tinstall Tcheck Ttotal Status Flags
r-devel-linux-x86_64-debian-clang 1.3.2 773.67 471.13 1244.80 NOTE
r-devel-linux-x86_64-debian-gcc 1.3.2 653.43 407.69 1061.12 NOTE
r-devel-linux-x86_64-fedora-clang 1.3.2 1462.95 NOTE
r-devel-linux-x86_64-fedora-gcc 1.3.2 1827.30 ERROR
r-devel-windows-x86_64 1.3.2 510.00 419.00 929.00 NOTE
r-patched-linux-x86_64 1.3.2 0.02 2.54 2.56 ERROR
r-release-linux-x86_64 1.3.2 552.97 530.15 1083.12 NOTE
r-release-macos-arm64 1.3.2 374.00 NOTE
r-release-macos-x86_64 1.3.2 615.00 NOTE
r-release-windows-x86_64 1.3.2 654.00 536.00 1190.00 NOTE
r-oldrel-macos-arm64 1.3.2 377.00 NOTE
r-oldrel-windows-x86_64 1.3.2 611.00 533.00 1144.00 NOTE

Additional issues

M1mac

Check Details

Version: 1.3.2
Check: for GNU extensions in Makefiles
Result: NOTE GNU make is a SystemRequirements. Flavors: r-devel-linux-x86_64-debian-clang, r-devel-linux-x86_64-debian-gcc, r-devel-linux-x86_64-fedora-clang, r-devel-linux-x86_64-fedora-gcc, r-devel-windows-x86_64, r-release-linux-x86_64, r-release-macos-arm64, r-release-macos-x86_64, r-release-windows-x86_64, r-oldrel-macos-arm64, r-oldrel-windows-x86_64

Version: 1.3.2
Check: installed package size
Result: NOTE installed size is 9.6Mb sub-directories of 1Mb or more: doc 1.0Mb libs 8.1Mb Flavors: r-devel-linux-x86_64-fedora-clang, r-devel-windows-x86_64, r-release-macos-arm64, r-release-macos-x86_64, r-release-windows-x86_64, r-oldrel-macos-arm64, r-oldrel-windows-x86_64

Version: 1.3.2
Check: dependencies in R code
Result: NOTE Namespace in Imports field not imported from: ‘rstantools’ All declared Imports should be used. Flavors: r-devel-linux-x86_64-fedora-clang, r-devel-linux-x86_64-fedora-gcc

Version: 1.3.2
Check: examples
Result: ERROR Running examples in ‘bayesdfa-Ex.R’ failed The error most likely occurred in: > ### Name: find_regimes > ### Title: Fit multiple models with differing numbers of regimes to trend > ### data > ### Aliases: find_regimes > > ### ** Examples > > data(Nile) > find_regimes(log(Nile), iter = 50, chains = 1, max_regimes = 2) SAMPLING FOR MODEL 'regime_1' NOW (CHAIN 1). Chain 1: Chain 1: Gradient evaluation took 2.5e-05 seconds Chain 1: 1000 transitions using 10 leapfrog steps per transition would take 0.25 seconds. Chain 1: Adjust your expectations accordingly! Chain 1: Chain 1: Chain 1: WARNING: There aren't enough warmup iterations to fit the Chain 1: three stages of adaptation as currently configured. Chain 1: Reducing each adaptation stage to 15%/75%/10% of Chain 1: the given number of warmup iterations: Chain 1: init_buffer = 3 Chain 1: adapt_window = 20 Chain 1: term_buffer = 2 Chain 1: Chain 1: Iteration: 1 / 50 [ 2%] (Warmup) Chain 1: Iteration: 5 / 50 [ 10%] (Warmup) Chain 1: Iteration: 10 / 50 [ 20%] (Warmup) Chain 1: Iteration: 15 / 50 [ 30%] (Warmup) Chain 1: Iteration: 20 / 50 [ 40%] (Warmup) Chain 1: Iteration: 25 / 50 [ 50%] (Warmup) Chain 1: Iteration: 26 / 50 [ 52%] (Sampling) Chain 1: Iteration: 30 / 50 [ 60%] (Sampling) Chain 1: Iteration: 35 / 50 [ 70%] (Sampling) Chain 1: Iteration: 40 / 50 [ 80%] (Sampling) Chain 1: Iteration: 45 / 50 [ 90%] (Sampling) Chain 1: Iteration: 50 / 50 [100%] (Sampling) Chain 1: Chain 1: Elapsed Time: 0.002 seconds (Warm-up) Chain 1: 0.002 seconds (Sampling) Chain 1: 0.004 seconds (Total) Chain 1: Warning: The largest R-hat is 1.07, indicating chains have not mixed. Running the chains for more iterations may help. See https://mc-stan.org/misc/warnings.html#r-hat Warning: Bulk Effective Samples Size (ESS) is too low, indicating posterior means and medians may be unreliable. Running the chains for more iterations may help. See https://mc-stan.org/misc/warnings.html#bulk-ess Warning: Tail Effective Samples Size (ESS) is too low, indicating posterior variances and tail quantiles may be unreliable. Running the chains for more iterations may help. See https://mc-stan.org/misc/warnings.html#tail-ess Warning: Some Pareto k diagnostic values are too high. See help('pareto-k-diagnostic') for details. Warning: Some Pareto k diagnostic values are too high. See help('pareto-k-diagnostic') for details. Error in loo::pareto_k_table(looic)["(0.7, 1]", "Count"] : subscript out of bounds Calls: find_regimes Execution halted Flavor: r-devel-linux-x86_64-fedora-gcc

Version: 1.3.2
Check: whether package can be installed
Result: ERROR Installation failed. Flavor: r-patched-linux-x86_64