CRAN Package Check Results for Package bayesm

Last updated on 2022-01-26 16:49:59 CET.

Flavor Version Tinstall Tcheck Ttotal Status Flags
r-devel-linux-x86_64-debian-clang 3.1-4 604.10 450.22 1054.32 OK
r-devel-linux-x86_64-debian-gcc 3.1-4 441.18 313.49 754.67 OK
r-devel-linux-x86_64-fedora-clang 3.1-4 1563.16 NOTE
r-devel-linux-x86_64-fedora-gcc 3.1-4 1395.34 OK
r-devel-windows-x86_64-new-UL 3.1-4 675.00 561.00 1236.00 NOTE
r-devel-windows-x86_64-new-TK 3.1-4 OK
r-patched-linux-x86_64 3.1-4 537.78 439.45 977.23 OK
r-release-linux-x86_64 3.1-4 513.37 432.38 945.75 OK
r-release-macos-arm64 3.1-4 NOTE
r-release-macos-x86_64 3.1-4 NOTE
r-release-windows-ix86+x86_64 3.1-4 1481.00 613.00 2094.00 NOTE
r-oldrel-macos-x86_64 3.1-4 NOTE
r-oldrel-windows-ix86+x86_64 3.1-4 1481.00 597.00 2078.00 NOTE

Check Details

Version: 3.1-4
Check: installed package size
Result: NOTE
     installed size is 28.9Mb
     sub-directories of 1Mb or more:
     doc 2.9Mb
     libs 24.5Mb
Flavors: r-devel-linux-x86_64-fedora-clang, r-devel-windows-x86_64-new-UL, r-release-macos-arm64, r-release-macos-x86_64, r-release-windows-ix86+x86_64, r-oldrel-macos-x86_64, r-oldrel-windows-ix86+x86_64