Last updated on 2024-04-20 00:56:00 CEST.
Flavor | Version | Tinstall | Tcheck | Ttotal | Status | Flags |
---|---|---|---|---|---|---|
r-devel-linux-x86_64-debian-clang | 0.2.1 | 48.76 | 125.46 | 174.22 | NOTE | |
r-devel-linux-x86_64-debian-gcc | 0.2.1 | NOTE | ||||
r-devel-linux-x86_64-fedora-clang | 0.2.1 | 253.49 | NOTE | |||
r-devel-linux-x86_64-fedora-gcc | 0.2.1 | 241.31 | NOTE | |||
r-prerel-macos-arm64 | 0.2.1 | 59.00 | NOTE | |||
r-prerel-windows-x86_64 | 0.2.1 | 47.00 | 137.00 | 184.00 | NOTE | |
r-patched-linux-x86_64 | 0.2.1 | 54.46 | 118.82 | 173.28 | NOTE | |
r-release-linux-x86_64 | 0.2.1 | 56.06 | 118.53 | 174.59 | OK | |
r-release-macos-arm64 | 0.2.1 | 68.00 | OK | |||
r-release-macos-x86_64 | 0.2.1 | 107.00 | OK | |||
r-release-windows-x86_64 | 0.2.1 | 56.00 | 163.00 | 219.00 | OK | |
r-oldrel-macos-arm64 | 0.2.1 | 60.00 | OK | |||
r-oldrel-windows-x86_64 | 0.2.1 | 55.00 | 147.00 | 202.00 | OK |
Version: 0.2.1
Check: Rd files
Result: NOTE
checkRd: (-1) insert_NAs.Rd:22: Lost braces; missing escapes or markup?
22 | A data frame where new rows have been inserted to regularize the \code{date} column. This results in values provided for \code{id}, \code{date}, and {dt} while inserting NAs for all other columns. Additionally, observations with duplicate date-times are removed.
| ^
Flavors: r-devel-linux-x86_64-debian-clang, r-devel-linux-x86_64-debian-gcc, r-devel-linux-x86_64-fedora-clang, r-devel-linux-x86_64-fedora-gcc, r-prerel-macos-arm64, r-prerel-windows-x86_64, r-patched-linux-x86_64