Last updated on 2024-04-23 08:57:39 CEST.
Flavor | Version | Tinstall | Tcheck | Ttotal | Status | Flags |
---|---|---|---|---|---|---|
r-devel-linux-x86_64-debian-clang | 0.0.2 | 29.95 | 331.21 | 361.16 | NOTE | |
r-devel-linux-x86_64-debian-gcc | 0.0.2 | 23.69 | 242.69 | 266.38 | NOTE | |
r-devel-linux-x86_64-fedora-clang | 0.0.2 | 472.83 | NOTE | |||
r-devel-linux-x86_64-fedora-gcc | 0.0.2 | 453.25 | NOTE | |||
r-prerel-macos-arm64 | 0.0.2 | 109.00 | NOTE | |||
r-prerel-windows-x86_64 | 0.0.2 | 32.00 | 238.00 | 270.00 | NOTE | |
r-patched-linux-x86_64 | 0.0.2 | 38.92 | 300.70 | 339.62 | NOTE | |
r-release-linux-x86_64 | 0.0.2 | 34.99 | 315.20 | 350.19 | NOTE | |
r-release-macos-arm64 | 0.0.2 | 110.00 | NOTE | |||
r-release-macos-x86_64 | 0.0.2 | 183.00 | NOTE | |||
r-release-windows-x86_64 | 0.0.2 | 33.00 | 298.00 | 331.00 | NOTE | |
r-oldrel-macos-arm64 | 0.0.2 | 91.00 | NOTE | |||
r-oldrel-windows-x86_64 | 0.0.2 | 33.00 | 297.00 | 330.00 | OK |
Version: 0.0.2
Check: package subdirectories
Result: NOTE
Problems with news in ‘NEWS.md’:
No news entries found.
Flavors: r-devel-linux-x86_64-debian-clang, r-devel-linux-x86_64-debian-gcc, r-devel-linux-x86_64-fedora-clang, r-devel-linux-x86_64-fedora-gcc, r-prerel-macos-arm64, r-prerel-windows-x86_64, r-patched-linux-x86_64, r-release-linux-x86_64, r-release-macos-arm64, r-release-macos-x86_64, r-release-windows-x86_64
Version: 0.0.2
Check: Rd files
Result: NOTE
checkRd: (-1) pulse_of_the_nation.Rd:10: Escaped LaTeX specials: \$
Flavors: r-devel-linux-x86_64-debian-clang, r-devel-linux-x86_64-debian-gcc, r-devel-linux-x86_64-fedora-clang, r-devel-linux-x86_64-fedora-gcc, r-prerel-macos-arm64, r-prerel-windows-x86_64, r-patched-linux-x86_64, r-release-linux-x86_64, r-release-macos-arm64, r-release-macos-x86_64, r-release-windows-x86_64
Version: 0.0.2
Check: data for non-ASCII characters
Result: NOTE
Note: found 1924 marked UTF-8 strings
Flavors: r-devel-linux-x86_64-fedora-clang, r-devel-linux-x86_64-fedora-gcc, r-oldrel-macos-arm64