Last updated on 2023-06-09 10:04:06 CEST.
Flavor | Version | Tinstall | Tcheck | Ttotal | Status | Flags |
---|---|---|---|---|---|---|
r-devel-linux-x86_64-debian-clang | 0.1.0 | 13.41 | 112.39 | 125.80 | OK | |
r-devel-linux-x86_64-debian-gcc | 0.1.0 | 10.86 | 85.06 | 95.92 | OK | |
r-devel-linux-x86_64-fedora-clang | 0.1.0 | 158.40 | NOTE | |||
r-devel-linux-x86_64-fedora-gcc | 0.1.0 | 151.90 | NOTE | |||
r-devel-windows-x86_64 | 0.1.0 | 12.00 | 94.00 | 106.00 | OK | |
r-patched-linux-x86_64 | 0.1.0 | 11.28 | 106.99 | 118.27 | OK | |
r-release-linux-x86_64 | 0.1.0 | 8.74 | 105.95 | 114.69 | OK | |
r-release-macos-arm64 | 0.1.0 | 48.00 | OK | |||
r-release-macos-x86_64 | 0.1.0 | 77.00 | OK | |||
r-release-windows-x86_64 | 0.1.0 | 14.00 | 117.00 | 131.00 | OK | |
r-oldrel-macos-arm64 | 0.1.0 | 53.00 | NOTE | |||
r-oldrel-macos-x86_64 | 0.1.0 | 88.00 | NOTE | |||
r-oldrel-windows-x86_64 | 0.1.0 | 16.00 | 117.00 | 133.00 | OK |
Version: 0.1.0
Check: dependencies in R code
Result: NOTE
Namespaces in Imports field not imported from:
‘ggfortify’ ‘ggplot2’ ‘matrixStats’ ‘reshape2’ ‘scales’
All declared Imports should be used.
Flavors: r-devel-linux-x86_64-fedora-clang, r-devel-linux-x86_64-fedora-gcc, r-oldrel-macos-arm64, r-oldrel-macos-x86_64