Last updated on 2024-04-20 00:56:00 CEST.
Flavor | Version | Tinstall | Tcheck | Ttotal | Status | Flags |
---|---|---|---|---|---|---|
r-devel-linux-x86_64-debian-clang | 2.0.2 | 5.97 | 298.94 | 304.91 | NOTE | |
r-devel-linux-x86_64-debian-gcc | 2.0.2 | NOTE | ||||
r-devel-linux-x86_64-fedora-clang | 2.0.2 | 369.81 | NOTE | |||
r-devel-linux-x86_64-fedora-gcc | 2.0.2 | 373.27 | NOTE | |||
r-prerel-macos-arm64 | 2.0.2 | 93.00 | NOTE | |||
r-prerel-windows-x86_64 | 2.0.2 | 7.00 | 254.00 | 261.00 | NOTE | |
r-patched-linux-x86_64 | 2.0.2 | 5.05 | 278.81 | 283.86 | NOTE | |
r-release-linux-x86_64 | 2.0.2 | 4.30 | 288.01 | 292.31 | OK | |
r-release-macos-arm64 | 2.0.2 | 97.00 | OK | |||
r-release-macos-x86_64 | 2.0.2 | 185.00 | NOTE | |||
r-release-windows-x86_64 | 2.0.2 | 5.00 | 285.00 | 290.00 | OK | |
r-oldrel-macos-arm64 | 2.0.2 | 92.00 | OK | |||
r-oldrel-windows-x86_64 | 2.0.2 | 8.00 | 282.00 | 290.00 | OK |
Version: 2.0.2
Check: Rd files
Result: NOTE
checkRd: (-1) bbreg.Rd:75: Lost braces; missing escapes or markup?
75 | ("x_{i,1}" and "v_{i,1}" may be 1 to handle intercepts). As it can be seen, this regression model has two levels with covariates explaining the mean
| ^
checkRd: (-1) bbreg.Rd:75: Lost braces; missing escapes or markup?
75 | ("x_{i,1}" and "v_{i,1}" may be 1 to handle intercepts). As it can be seen, this regression model has two levels with covariates explaining the mean
| ^
checkRd: (-1) dbbtest.Rd:27: Lost braces; missing escapes or markup?
27 | considered in the decision rule of the test; they are sum(z2/n) = sum_{i=1}^{n}(z_i^2)/n, sum(quasi_mu) = sum_{i=1}^{n}(tilde{mu_i}^2 + tilde{mu_i}(1-tilde{mu_i})/2)
| ^
checkRd: (-1) dbbtest.Rd:27: Lost braces; missing escapes or markup?
27 | considered in the decision rule of the test; they are sum(z2/n) = sum_{i=1}^{n}(z_i^2)/n, sum(quasi_mu) = sum_{i=1}^{n}(tilde{mu_i}^2 + tilde{mu_i}(1-tilde{mu_i})/2)
| ^
checkRd: (-1) dbbtest.Rd:27: Lost braces; missing escapes or markup?
27 | considered in the decision rule of the test; they are sum(z2/n) = sum_{i=1}^{n}(z_i^2)/n, sum(quasi_mu) = sum_{i=1}^{n}(tilde{mu_i}^2 + tilde{mu_i}(1-tilde{mu_i})/2)
| ^
checkRd: (-1) dbbtest.Rd:27: Lost braces; missing escapes or markup?
27 | considered in the decision rule of the test; they are sum(z2/n) = sum_{i=1}^{n}(z_i^2)/n, sum(quasi_mu) = sum_{i=1}^{n}(tilde{mu_i}^2 + tilde{mu_i}(1-tilde{mu_i})/2)
| ^
checkRd: (-1) dbbtest.Rd:27: Lost braces
27 | considered in the decision rule of the test; they are sum(z2/n) = sum_{i=1}^{n}(z_i^2)/n, sum(quasi_mu) = sum_{i=1}^{n}(tilde{mu_i}^2 + tilde{mu_i}(1-tilde{mu_i})/2)
| ^
checkRd: (-1) dbbtest.Rd:27: Lost braces
27 | considered in the decision rule of the test; they are sum(z2/n) = sum_{i=1}^{n}(z_i^2)/n, sum(quasi_mu) = sum_{i=1}^{n}(tilde{mu_i}^2 + tilde{mu_i}(1-tilde{mu_i})/2)
| ^
checkRd: (-1) dbbtest.Rd:27: Lost braces
27 | considered in the decision rule of the test; they are sum(z2/n) = sum_{i=1}^{n}(z_i^2)/n, sum(quasi_mu) = sum_{i=1}^{n}(tilde{mu_i}^2 + tilde{mu_i}(1-tilde{mu_i})/2)
| ^
Flavors: r-devel-linux-x86_64-debian-clang, r-devel-linux-x86_64-debian-gcc, r-devel-linux-x86_64-fedora-clang, r-devel-linux-x86_64-fedora-gcc, r-prerel-macos-arm64, r-prerel-windows-x86_64, r-patched-linux-x86_64
Version: 2.0.2
Check: Rd cross-references
Result: NOTE
Undeclared package ‘betareg’ in Rd xrefs
Flavor: r-devel-linux-x86_64-fedora-clang
Version: 2.0.2
Check: Rd cross-references
Result: NOTE
Package unavailable to check Rd xrefs: ‘betareg’
Flavor: r-release-macos-x86_64