Last updated on 2023-06-10 16:53:30 CEST.
Flavor | Version | Tinstall | Tcheck | Ttotal | Status | Flags |
---|---|---|---|---|---|---|
r-devel-linux-x86_64-debian-clang | 4.0.3 | 114.91 | 44.81 | 159.72 | OK | |
r-devel-linux-x86_64-debian-gcc | 4.0.3 | 87.27 | 33.48 | 120.75 | OK | |
r-devel-linux-x86_64-fedora-clang | 4.0.3 | 228.12 | OK | |||
r-devel-linux-x86_64-fedora-gcc | 4.0.3 | 234.35 | OK | |||
r-devel-windows-x86_64 | 4.0.3 | 84.00 | 79.00 | 163.00 | OK | |
r-patched-linux-x86_64 | 4.0.3 | 98.25 | 42.25 | 140.50 | OK | |
r-release-linux-x86_64 | 4.0.3 | 93.48 | 43.13 | 136.61 | OK | |
r-release-macos-arm64 | 4.0.3 | 56.00 | NOTE | |||
r-release-macos-x86_64 | 4.0.3 | 92.00 | NOTE | |||
r-release-windows-x86_64 | 4.0.3 | 109.00 | 86.00 | 195.00 | OK | |
r-oldrel-macos-arm64 | 4.0.3 | 53.00 | NOTE | |||
r-oldrel-macos-x86_64 | 4.0.3 | 72.00 | NOTE | |||
r-oldrel-windows-x86_64 | 4.0.3 | 107.00 | 84.00 | 191.00 | OK |
Version: 4.0.3
Check: installed package size
Result: NOTE
installed size is 5.4Mb
sub-directories of 1Mb or more:
libs 5.1Mb
Flavors: r-release-macos-arm64, r-release-macos-x86_64, r-oldrel-macos-arm64, r-oldrel-macos-x86_64