CRAN Package Check Results for Package bdclean

Last updated on 2021-09-26 00:48:34 CEST.

Flavor Version Tinstall Tcheck Ttotal Status Flags
r-devel-linux-x86_64-debian-clang 0.1.15 11.04 96.98 108.02 NOTE
r-devel-linux-x86_64-debian-gcc 0.1.15 9.79 72.67 82.46 NOTE
r-devel-linux-x86_64-fedora-clang 0.1.15 140.16 NOTE
r-devel-linux-x86_64-fedora-gcc 0.1.15 118.51 NOTE
r-devel-windows-x86_64 0.1.15 17.00 91.00 108.00 NOTE
r-devel-windows-x86_64-gcc10-UCRT 0.1.15 NOTE
r-patched-linux-x86_64 0.1.15 11.19 89.84 101.03 NOTE
r-patched-solaris-x86 0.1.15 182.00 NOTE
r-release-linux-x86_64 0.1.15 10.13 89.67 99.80 NOTE
r-release-macos-arm64 0.1.15 NOTE
r-release-macos-x86_64 0.1.15 NOTE
r-release-windows-ix86+x86_64 0.1.15 35.00 100.00 135.00 NOTE
r-oldrel-macos-x86_64 0.1.15 NOTE
r-oldrel-windows-ix86+x86_64 0.1.15 25.00 97.00 122.00 OK

Check Details

Version: 0.1.15
Check: LazyData
Result: NOTE
     'LazyData' is specified without a 'data' directory
Flavors: r-devel-linux-x86_64-debian-clang, r-devel-linux-x86_64-debian-gcc, r-devel-linux-x86_64-fedora-clang, r-devel-linux-x86_64-fedora-gcc, r-devel-windows-x86_64, r-devel-windows-x86_64-gcc10-UCRT, r-patched-linux-x86_64, r-patched-solaris-x86, r-release-linux-x86_64, r-release-macos-arm64, r-release-macos-x86_64, r-release-windows-ix86+x86_64

Version: 0.1.15
Check: dependencies in R code
Result: NOTE
    Namespace in Imports field not imported from: ‘DT’
     All declared Imports should be used.
Flavors: r-devel-linux-x86_64-fedora-clang, r-devel-linux-x86_64-fedora-gcc, r-devel-windows-x86_64-gcc10-UCRT, r-patched-solaris-x86, r-release-macos-arm64, r-release-macos-x86_64, r-oldrel-macos-x86_64