CRAN Package Check Results for Package bde

Last updated on 2021-09-28 01:49:17 CEST.

Flavor Version Tinstall Tcheck Ttotal Status Flags
r-devel-linux-x86_64-debian-clang 1.0.1 12.44 97.05 109.49 NOTE
r-devel-linux-x86_64-debian-gcc 1.0.1 10.59 65.45 76.04 NOTE
r-devel-linux-x86_64-fedora-clang 1.0.1 128.30 NOTE
r-devel-linux-x86_64-fedora-gcc 1.0.1 121.15 NOTE
r-devel-windows-x86_64 1.0.1 15.00 80.00 95.00 NOTE
r-devel-windows-x86_64-gcc10-UCRT 1.0.1 NOTE
r-patched-linux-x86_64 1.0.1 13.93 82.94 96.87 NOTE
r-patched-solaris-x86 1.0.1 164.00 NOTE
r-release-linux-x86_64 1.0.1 14.25 82.20 96.45 NOTE
r-release-macos-arm64 1.0.1 NOTE
r-release-macos-x86_64 1.0.1 NOTE
r-release-windows-ix86+x86_64 1.0.1 28.00 86.00 114.00 NOTE
r-oldrel-macos-x86_64 1.0.1 NOTE
r-oldrel-windows-ix86+x86_64 1.0.1 16.00 85.00 101.00 NOTE

Check Details

Version: 1.0.1
Check: R code for possible problems
Result: NOTE
    mise: no visible global function definition for 'integrate'
    density,BrVitale : density.vitale : <anonymous>: no visible global
     function definition for 'dbeta'
    density,Chen99Kernel : <anonymous>: no visible global function
     definition for 'dbeta'
    density,HirukawaJLNKernel : <anonymous>: no visible global function
     definition for 'dbeta'
    density,MicroBetaChen99Kernel : <anonymous>: no visible global function
     definition for 'dbeta'
    density,Vitale : <anonymous>: no visible global function definition for
     'dbeta'
    distribution,BernsteinPolynomials : <anonymous>: no visible global
     function definition for 'integrate'
    distribution,KernelDensity : <anonymous>: no visible global function
     definition for 'integrate'
    print,BoundedDensity: no visible global function definition for 'str'
    print,KernelDensity: no visible global function definition for 'str'
    rsample,BoundedDensity: no visible global function definition for
     'runif'
    setNormalizationConst,MacroBetaChen99Kernel: no visible global function
     definition for 'integrate'
    setNormalizationConst,MacroBetaHirukawaTSKernel: no visible global
     function definition for 'integrate'
    setNormalizationConstant,MacroBetaHirukawaJLNKernel: no visible global
     function definition for 'integrate'
    setNormalizationConstants,MicroBetaChen99Kernel :
     density.kernelFunction: no visible global function definition for
     'dbeta'
    setNormalizationConstants,MicroBetaChen99Kernel : <anonymous>: no
     visible global function definition for 'integrate'
    show,BoundedDensity: no visible global function definition for 'str'
    show,KernelDensity: no visible global function definition for 'str'
    Undefined global functions or variables:
     dbeta integrate runif str
    Consider adding
     importFrom("stats", "dbeta", "integrate", "runif")
     importFrom("utils", "str")
    to your NAMESPACE file.
Flavors: r-devel-linux-x86_64-debian-clang, r-devel-linux-x86_64-debian-gcc, r-devel-linux-x86_64-fedora-clang, r-devel-linux-x86_64-fedora-gcc, r-devel-windows-x86_64, r-devel-windows-x86_64-gcc10-UCRT, r-patched-linux-x86_64, r-patched-solaris-x86, r-release-linux-x86_64, r-release-macos-arm64, r-release-macos-x86_64, r-release-windows-ix86+x86_64, r-oldrel-macos-x86_64, r-oldrel-windows-ix86+x86_64