CRAN Package Check Results for Package beast

Last updated on 2024-07-14 08:48:15 CEST.

Flavor Version Tinstall Tcheck Ttotal Status Flags
r-devel-linux-x86_64-debian-clang 1.1 3.07 38.19 41.26 NOTE
r-devel-linux-x86_64-debian-gcc 1.1 2.49 27.59 30.08 NOTE
r-devel-linux-x86_64-fedora-clang 1.1 50.63 NOTE
r-devel-linux-x86_64-fedora-gcc 1.1 50.70 NOTE
r-devel-windows-x86_64 1.1 3.00 50.00 53.00 OK
r-patched-linux-x86_64 1.1 3.47 36.50 39.97 NOTE
r-release-linux-x86_64 1.1 3.14 36.18 39.32 NOTE
r-release-macos-arm64 1.1 19.00 OK
r-release-macos-x86_64 1.1 39.00 OK
r-release-windows-x86_64 1.1 3.00 49.00 52.00 OK
r-oldrel-macos-arm64 1.1 18.00 OK
r-oldrel-macos-x86_64 1.1 28.00 OK
r-oldrel-windows-x86_64 1.1 4.00 51.00 55.00 OK

Check Details

Version: 1.1
Check: for non-standard things in the check directory
Result: NOTE Found the following files/directories: ‘beast_plot_toy.pdf’ Flavors: r-devel-linux-x86_64-debian-clang, r-devel-linux-x86_64-debian-gcc, r-devel-linux-x86_64-fedora-clang, r-devel-linux-x86_64-fedora-gcc, r-patched-linux-x86_64, r-release-linux-x86_64