CRAN Package Check Results for Package benchr

Last updated on 2021-10-22 00:50:19 CEST.

Flavor Version Tinstall Tcheck Ttotal Status Flags
r-devel-linux-x86_64-debian-clang 0.2.5 29.30 36.30 65.60 NOTE
r-devel-linux-x86_64-debian-gcc 0.2.5 18.91 29.06 47.97 NOTE
r-devel-linux-x86_64-fedora-clang 0.2.5 98.01 NOTE
r-devel-linux-x86_64-fedora-gcc 0.2.5 79.62 NOTE
r-devel-windows-x86_64 0.2.5 35.00 84.00 119.00 NOTE
r-devel-windows-x86_64-gcc10-UCRT 0.2.5 ERROR
r-patched-linux-x86_64 0.2.5 26.23 34.83 61.06 NOTE
r-patched-solaris-x86 0.2.5 100.20 NOTE
r-release-linux-x86_64 0.2.5 26.50 35.02 61.52 NOTE
r-release-macos-arm64 0.2.5 NOTE
r-release-macos-x86_64 0.2.5 NOTE
r-release-windows-ix86+x86_64 0.2.5 51.00 112.00 163.00 NOTE
r-oldrel-macos-x86_64 0.2.5 OK
r-oldrel-windows-ix86+x86_64 0.2.5 69.00 117.00 186.00 OK

Check Details

Version: 0.2.5
Check: LazyData
Result: NOTE
     'LazyData' is specified without a 'data' directory
Flavors: r-devel-linux-x86_64-debian-clang, r-devel-linux-x86_64-debian-gcc, r-devel-linux-x86_64-fedora-clang, r-devel-linux-x86_64-fedora-gcc, r-devel-windows-x86_64, r-devel-windows-x86_64-gcc10-UCRT, r-patched-linux-x86_64, r-patched-solaris-x86, r-release-linux-x86_64, r-release-macos-arm64, r-release-macos-x86_64, r-release-windows-ix86+x86_64

Version: 0.2.5
Check: tests
Result: ERROR
     Running 'tinytest.R'
    Running the tests in 'tests/tinytest.R' failed.
    Complete output:
     > if (requireNamespace("tinytest", quietly = TRUE)) {
     + tinytest::test_package("benchr")
     + }
    
     test-benchmark.R.............. 0 tests 0% 10 20 30 40 50 60 70 80 90 100%
     [----|----|----|----|----|----|----|----|----|----|
     **************************************************|
    
     test-benchmark.R.............. 0 tests
     test-benchmark.R.............. 1 tests <1b>[0;32mOK<1b>[0m
     test-benchmark.R.............. 2 tests <1b>[0;32mOK<1b>[0m
     test-benchmark.R.............. 3 tests <1b>[0;32mOK<1b>[0m
     test-benchmark.R.............. 4 tests <1b>[0;32mOK<1b>[0m
     test-benchmark.R.............. 5 tests <1b>[0;32mOK<1b>[0m
     test-benchmark.R.............. 6 tests <1b>[0;32mOK<1b>[0m
     test-benchmark.R.............. 7 tests <1b>[0;32mOK<1b>[0m
     test-benchmark.R.............. 8 tests <1b>[0;32mOK<1b>[0m
     test-benchmark.R.............. 9 tests <1b>[0;32mOK<1b>[0m
     test-benchmark.R.............. 10 tests <1b>[0;32mOK<1b>[0m
     test-benchmark.R.............. 11 tests <1b>[0;32mOK<1b>[0m
     test-benchmark.R.............. 12 tests <1b>[0;32mOK<1b>[0m
     test-benchmark.R.............. 13 tests <1b>[0;32mOK<1b>[0m
     test-benchmark.R.............. 14 tests <1b>[0;32mOK<1b>[0m
     test-benchmark.R.............. 15 tests <1b>[0;32mOK<1b>[0m
     test-benchmark.R.............. 16 tests <1b>[0;32mOK<1b>[0m
     test-benchmark.R.............. 17 tests <1b>[0;32mOK<1b>[0m
     test-benchmark.R.............. 18 tests <1b>[0;32mOK<1b>[0m
     test-benchmark.R.............. 19 tests <1b>[0;32mOK<1b>[0m
     test-benchmark.R.............. 20 tests <1b>[0;32mOK<1b>[0m
     test-benchmark.R.............. 21 tests <1b>[0;32mOK<1b>[0m 0% 10 20 30 40 50 60 70 80 90 100%
     [----|----|----|----|----|----|----|----|----|----|
     **************************************************|
    
     test-benchmark.R.............. 21 tests <1b>[0;32mOK<1b>[0m
     test-benchmark.R.............. 22 tests <1b>[0;32mOK<1b>[0m
     test-benchmark.R.............. 23 tests <1b>[0;32mOK<1b>[0m 0% 10 20 30 40 50 60 70 80 90 100%
     [----|----|----|----|----|----|----|----|----|----|
     **************************************************|
    
     test-benchmark.R.............. 23 tests <1b>[0;32mOK<1b>[0m
     test-benchmark.R.............. 24 tests <1b>[0;32mOK<1b>[0m
     test-benchmark.R.............. 25 tests <1b>[0;32mOK<1b>[0m 0% 10 20 30 40 50 60 70 80 90 100%
     [----|----|----|----|----|----|----|----|----|----|
     **************************************************|
    
     test-benchmark.R.............. 25 tests <1b>[0;32mOK<1b>[0m
     test-benchmark.R.............. 26 tests <1b>[0;32mOK<1b>[0m
     test-benchmark.R.............. 27 tests <1b>[0;32mOK<1b>[0m 0% 10 20 30 40 50 60 70 80 90 100%
     [----|----|----|----|----|----|----|----|----|----|
     **************************************************|
    
     test-benchmark.R.............. 27 tests <1b>[0;32mOK<1b>[0m
     test-benchmark.R.............. 28 tests <1b>[0;32mOK<1b>[0m
     test-benchmark.R.............. 29 tests <1b>[0;32mOK<1b>[0m
     test-benchmark.R.............. 30 tests <1b>[0;32mOK<1b>[0m <1b>[0;34m0.8s<1b>[0m
    
     test-dots.R................... 0 tests
     test-dots.R................... 1 tests <1b>[0;32mOK<1b>[0m
     test-dots.R................... 2 tests <1b>[0;32mOK<1b>[0m
     test-dots.R................... 3 tests <1b>[0;32mOK<1b>[0m
     test-dots.R................... 4 tests <1b>[0;32mOK<1b>[0m
     test-dots.R................... 5 tests <1b>[0;32mOK<1b>[0m
     test-dots.R................... 6 tests <1b>[0;32mOK<1b>[0m
     test-dots.R................... 7 tests <1b>[0;32mOK<1b>[0m
     test-dots.R................... 8 tests <1b>[0;32mOK<1b>[0m
     test-dots.R................... 9 tests <1b>[0;32mOK<1b>[0m
     test-dots.R................... 10 tests <1b>[0;32mOK<1b>[0m
     test-dots.R................... 11 tests <1b>[0;32mOK<1b>[0m
     test-dots.R................... 12 tests <1b>[0;32mOK<1b>[0m <1b>[0;36m12ms<1b>[0m
    
     test-format.R................. 0 tests 0% 10 20 30 40 50 60 70 80 90 100%
     [----|----|----|----|----|----|----|----|----|----|
     **************************************************|
    
     test-format.R................. 0 tests
     test-format.R................. 0 tests
     test-format.R................. 0 tests
     test-format.R................. 1 tests <1b>[0;32mOK<1b>[0m
     test-format.R................. 2 tests <1b>[0;32mOK<1b>[0m
     test-format.R................. 3 tests <1b>[0;32mOK<1b>[0m <1b>[0;34m0.2s<1b>[0m
    
     test-mean.R................... 0 tests 0% 10 20 30 40 50 60 70 80 90 100%
     [----|----|----|----|----|----|----|----|----|----|
     **************************************************|
    
     test-mean.R................... 0 tests
     test-mean.R................... 0 tests
     test-mean.R................... 1 tests <1b>[0;32mOK<1b>[0m
     test-mean.R................... 2 tests <1b>[0;32mOK<1b>[0m
     test-mean.R................... 3 tests <1b>[0;32mOK<1b>[0m
     test-mean.R................... 4 tests <1b>[0;32mOK<1b>[0m
     test-mean.R................... 5 tests <1b>[0;32mOK<1b>[0m
     test-mean.R................... 6 tests <1b>[0;32mOK<1b>[0m
     test-mean.R................... 7 tests <1b>[0;32mOK<1b>[0m
     test-mean.R................... 8 tests <1b>[0;32mOK<1b>[0m
     test-mean.R................... 9 tests <1b>[0;32mOK<1b>[0m
     test-mean.R................... 10 tests <1b>[0;32mOK<1b>[0m 0% 10 20 30 40 50 60 70 80 90 100%
     [----|----|----|----|----|----|----|----|----|----|
     **************************************************|
    
     test-mean.R................... 11 tests <1b>[0;32mOK<1b>[0m
     test-mean.R................... 12 tests <1b>[0;32mOK<1b>[0m
     test-mean.R................... 12 tests <1b>[0;32mOK<1b>[0m
     test-mean.R................... 13 tests <1b>[0;32mOK<1b>[0m
     test-mean.R................... 13 tests <1b>[0;32mOK<1b>[0m
     test-mean.R................... 14 tests <1b>[0;32mOK<1b>[0m
     test-mean.R................... 14 tests <1b>[0;32mOK<1b>[0m
     test-mean.R................... 15 tests <1b>[0;32mOK<1b>[0m
     test-mean.R................... 16 tests <1b>[0;32mOK<1b>[0m
     test-mean.R................... 16 tests <1b>[0;32mOK<1b>[0m
     test-mean.R................... 17 tests <1b>[0;32mOK<1b>[0m
     test-mean.R................... 18 tests <1b>[0;32mOK<1b>[0m 0% 10 20 30 40 50 60 70 80 90 100%
     [----|----|----|----|----|----|----|----|----|----|
     **************************************************|
    
     test-mean.R................... 18 tests <1b>[0;32mOK<1b>[0m
     test-mean.R................... 19 tests <1b>[0;32mOK<1b>[0m
     test-mean.R................... 20 tests <1b>[0;32mOK<1b>[0m
     test-mean.R................... 21 tests <1b>[0;31m1 fails<1b>[0m
     test-mean.R................... 22 tests <1b>[0;31m2 fails<1b>[0m 0% 10 20 30 40 50 60 70 80 90 100%
     [----|----|----|----|----|----|----|----|----|----|
     **************************************************|
    
     test-mean.R................... 22 tests <1b>[0;31m2 fails<1b>[0m
     test-mean.R................... 23 tests <1b>[0;31m2 fails<1b>[0m
     test-mean.R................... 24 tests <1b>[0;31m2 fails<1b>[0m <1b>[0;34m0.5s<1b>[0m
    
     test-order.R.................. 0 tests
     test-order.R.................. 0 tests
     test-order.R.................. 0 tests
     test-order.R.................. 0 tests
     test-order.R.................. 0 tests
     test-order.R.................. 0 tests
     test-order.R.................. 0 tests
     test-order.R.................. 0 tests
     test-order.R.................. 0 tests
     test-order.R.................. 1 tests <1b>[0;32mOK<1b>[0m
     test-order.R.................. 2 tests <1b>[0;32mOK<1b>[0m
     test-order.R.................. 3 tests <1b>[0;32mOK<1b>[0m
     test-order.R.................. 4 tests <1b>[0;32mOK<1b>[0m
     test-order.R.................. 5 tests <1b>[0;32mOK<1b>[0m
     test-order.R.................. 6 tests <1b>[0;32mOK<1b>[0m
     test-order.R.................. 7 tests <1b>[0;32mOK<1b>[0m
     test-order.R.................. 8 tests <1b>[0;32mOK<1b>[0m
     test-order.R.................. 9 tests <1b>[0;32mOK<1b>[0m
     test-order.R.................. 10 tests <1b>[0;32mOK<1b>[0m
     test-order.R.................. 11 tests <1b>[0;32mOK<1b>[0m <1b>[0;36m10ms<1b>[0m
    
     test-plot.R................... 0 tests
     test-plot.R................... 0 tests
     test-plot.R................... 0 tests 0% 10 20 30 40 50 60 70 80 90 100%
     [----|----|----|----|----|----|----|----|----|----|
     **************************************************|
    
     test-plot.R................... 0 tests
     test-plot.R................... 0 tests
     test-plot.R................... 1 tests <1b>[0;32mOK<1b>[0m
     test-plot.R................... 2 tests <1b>[0;32mOK<1b>[0m
     test-plot.R................... 3 tests <1b>[0;32mOK<1b>[0m
     test-plot.R................... 4 tests <1b>[0;32mOK<1b>[0m
     test-plot.R................... 5 tests <1b>[0;32mOK<1b>[0m
     test-plot.R................... 5 tests <1b>[0;32mOK<1b>[0m
     test-plot.R................... 6 tests <1b>[0;32mOK<1b>[0m
     test-plot.R................... 7 tests <1b>[0;32mOK<1b>[0m
     test-plot.R................... 7 tests <1b>[0;32mOK<1b>[0m
     test-plot.R................... 8 tests <1b>[0;32mOK<1b>[0m
     test-plot.R................... 9 tests <1b>[0;32mOK<1b>[0m
     test-plot.R................... 10 tests <1b>[0;32mOK<1b>[0m
     test-plot.R................... 11 tests <1b>[0;32mOK<1b>[0m
     test-plot.R................... 12 tests <1b>[0;32mOK<1b>[0m
     test-plot.R................... 12 tests <1b>[0;32mOK<1b>[0m
     test-plot.R................... 13 tests <1b>[0;32mOK<1b>[0m
     test-plot.R................... 14 tests <1b>[0;32mOK<1b>[0m
     test-plot.R................... 14 tests <1b>[0;32mOK<1b>[0m
     test-plot.R................... 15 tests <1b>[0;32mOK<1b>[0m
     test-plot.R................... 16 tests <1b>[0;32mOK<1b>[0m
     test-plot.R................... 17 tests <1b>[0;32mOK<1b>[0m
     test-plot.R................... 18 tests <1b>[0;32mOK<1b>[0m
     test-plot.R................... 19 tests <1b>[0;32mOK<1b>[0m
     test-plot.R................... 19 tests <1b>[0;32mOK<1b>[0m
     test-plot.R................... 20 tests <1b>[0;32mOK<1b>[0m
     test-plot.R................... 21 tests <1b>[0;32mOK<1b>[0m
     test-plot.R................... 21 tests <1b>[0;32mOK<1b>[0m
     test-plot.R................... 22 tests <1b>[0;32mOK<1b>[0m
     test-plot.R................... 23 tests <1b>[0;32mOK<1b>[0m
     test-plot.R................... 24 tests <1b>[0;32mOK<1b>[0m
     test-plot.R................... 25 tests <1b>[0;32mOK<1b>[0m
     test-plot.R................... 26 tests <1b>[0;32mOK<1b>[0m
     test-plot.R................... 27 tests <1b>[0;32mOK<1b>[0m
     test-plot.R................... 28 tests <1b>[0;32mOK<1b>[0m
     test-plot.R................... 28 tests <1b>[0;32mOK<1b>[0m
     test-plot.R................... 29 tests <1b>[0;32mOK<1b>[0m
     test-plot.R................... 30 tests <1b>[0;32mOK<1b>[0m
     test-plot.R................... 30 tests <1b>[0;32mOK<1b>[0m
     test-plot.R................... 31 tests <1b>[0;32mOK<1b>[0m
     test-plot.R................... 32 tests <1b>[0;32mOK<1b>[0m
     test-plot.R................... 33 tests <1b>[0;32mOK<1b>[0m
     test-plot.R................... 34 tests <1b>[0;32mOK<1b>[0m
     test-plot.R................... 35 tests <1b>[0;32mOK<1b>[0m
     test-plot.R................... 36 tests <1b>[0;32mOK<1b>[0m
     test-plot.R................... 37 tests <1b>[0;32mOK<1b>[0m
     test-plot.R................... 37 tests <1b>[0;32mOK<1b>[0m
     test-plot.R................... 38 tests <1b>[0;32mOK<1b>[0m
     test-plot.R................... 39 tests <1b>[0;32mOK<1b>[0m <1b>[0;34m1.6s<1b>[0m
    
     test-print.R.................. 0 tests 0% 10 20 30 40 50 60 70 80 90 100%
     [----|----|----|----|----|----|----|----|----|----|
     **************************************************|
    
     test-print.R.................. 0 tests
     test-print.R.................. 0 tests
     test-print.R.................. 0 tests
     test-print.R.................. 0 tests Benchmark summary:
     Time units : nanoseconds
     expr n.eval min lw.qu median mean up.qu max total relative
     1 + 1 49 0 0 0 40.8 0 2000 2000 NaN
     One 39 0 0 0 0.0 0 0 0 NaN
    
     test-print.R.................. 1 tests <1b>[0;32mOK<1b>[0m Time units : nanoseconds
     expr n.eval min lw.qu median mean up.qu max total relative
     1 + 1 49 0 0 0 40.8 0 2000 2000 NaN
     One 39 0 0 0 0.0 0 0 0 NaN
    
     test-print.R.................. 2 tests <1b>[0;32mOK<1b>[0m Time units : nanoseconds
     expr n.eval mean trimmed lw.ci up.ci relative
     1 + 1 49 40.8 0 NaN NaN Inf
     One 39 0.0 0 NaN NaN NaN
    
     test-print.R.................. 3 tests <1b>[0;32mOK<1b>[0m
     test-print.R.................. 4 tests <1b>[0;32mOK<1b>[0m
     test-print.R.................. 5 tests <1b>[0;32mOK<1b>[0m
     test-print.R.................. 6 tests <1b>[0;32mOK<1b>[0m
     test-print.R.................. 7 tests <1b>[0;32mOK<1b>[0m
     test-print.R.................. 8 tests <1b>[0;32mOK<1b>[0m
     test-print.R.................. 9 tests <1b>[0;32mOK<1b>[0m
     test-print.R.................. 10 tests <1b>[0;31m1 fails<1b>[0m
     test-print.R.................. 11 tests <1b>[0;31m1 fails<1b>[0m
     test-print.R.................. 12 tests <1b>[0;31m1 fails<1b>[0m
     test-print.R.................. 13 tests <1b>[0;31m1 fails<1b>[0m
     test-print.R.................. 14 tests <1b>[0;31m1 fails<1b>[0m
     test-print.R.................. 15 tests <1b>[0;31m1 fails<1b>[0m
     test-print.R.................. 16 tests <1b>[0;31m1 fails<1b>[0m
     test-print.R.................. 17 tests <1b>[0;31m1 fails<1b>[0m
     test-print.R.................. 18 tests <1b>[0;31m1 fails<1b>[0m
     test-print.R.................. 19 tests <1b>[0;31m1 fails<1b>[0m
     test-print.R.................. 20 tests <1b>[0;31m2 fails<1b>[0m
     test-print.R.................. 21 tests <1b>[0;31m2 fails<1b>[0m
     test-print.R.................. 22 tests <1b>[0;31m2 fails<1b>[0m
     test-print.R.................. 23 tests <1b>[0;31m2 fails<1b>[0m
     test-print.R.................. 24 tests <1b>[0;31m2 fails<1b>[0m
     test-print.R.................. 25 tests <1b>[0;31m2 fails<1b>[0m <1b>[0;34m0.2s<1b>[0m
    
     test-summary.R................ 0 tests 0% 10 20 30 40 50 60 70 80 90 100%
     [----|----|----|----|----|----|----|----|----|----|
     **************************************************|
    
     test-summary.R................ 0 tests
     test-summary.R................ 0 tests
     test-summary.R................ 1 tests <1b>[0;32mOK<1b>[0m
     test-summary.R................ 2 tests <1b>[0;32mOK<1b>[0m
     test-summary.R................ 3 tests <1b>[0;32mOK<1b>[0m
     test-summary.R................ 4 tests <1b>[0;32mOK<1b>[0m
     test-summary.R................ 5 tests <1b>[0;32mOK<1b>[0m
     test-summary.R................ 6 tests <1b>[0;32mOK<1b>[0m
     test-summary.R................ 6 tests <1b>[0;32mOK<1b>[0m
     test-summary.R................ 7 tests <1b>[0;32mOK<1b>[0m
     test-summary.R................ 8 tests <1b>[0;32mOK<1b>[0m
     test-summary.R................ 9 tests <1b>[0;32mOK<1b>[0m
     test-summary.R................ 10 tests <1b>[0;32mOK<1b>[0m
     test-summary.R................ 11 tests <1b>[0;32mOK<1b>[0m
     test-summary.R................ 12 tests <1b>[0;32mOK<1b>[0m
     test-summary.R................ 13 tests <1b>[0;32mOK<1b>[0m
     test-summary.R................ 14 tests <1b>[0;32mOK<1b>[0m
     test-summary.R................ 15 tests <1b>[0;32mOK<1b>[0m
     test-summary.R................ 16 tests <1b>[0;32mOK<1b>[0m
     test-summary.R................ 17 tests <1b>[0;32mOK<1b>[0m 0% 10 20 30 40 50 60 70 80 90 100%
     [----|----|----|----|----|----|----|----|----|----|
     **************************************************|
    
     test-summary.R................ 18 tests <1b>[0;32mOK<1b>[0m
     test-summary.R................ 19 tests <1b>[0;32mOK<1b>[0m
     test-summary.R................ 19 tests <1b>[0;32mOK<1b>[0m
     test-summary.R................ 20 tests <1b>[0;32mOK<1b>[0m
     test-summary.R................ 20 tests <1b>[0;32mOK<1b>[0m
     test-summary.R................ 21 tests <1b>[0;32mOK<1b>[0m
     test-summary.R................ 22 tests <1b>[0;32mOK<1b>[0m <1b>[0;34m0.3s<1b>[0m
    
     test-timer.R.................. 0 tests
     test-timer.R.................. 0 tests
     test-timer.R.................. 0 tests
     test-timer.R.................. 1 tests <1b>[0;32mOK<1b>[0m
     test-timer.R.................. 2 tests <1b>[0;32mOK<1b>[0m
     test-timer.R.................. 3 tests <1b>[0;32mOK<1b>[0m
     test-timer.R.................. 4 tests <1b>[0;32mOK<1b>[0m
     test-timer.R.................. 5 tests <1b>[0;32mOK<1b>[0m
     test-timer.R.................. 6 tests <1b>[0;32mOK<1b>[0m
     test-timer.R.................. 6 tests <1b>[0;32mOK<1b>[0m <1b>[0;36m52ms<1b>[0m
     ----- FAILED[data]: test-mean.R<41--41>
     call| expect_true(m3$lw.ci > 0)
     diff| Expected TRUE, got NA
     ----- FAILED[data]: test-mean.R<42--42>
     call| expect_true(m3$up.ci >= m3$lw.ci)
     diff| Expected TRUE, got NA
     ----- FAILED[data]: test-print.R<19--19>
     call| expect_true(any(grepl("1 + 1", s)))
     diff| Expected TRUE, got FALSE
     ----- FAILED[data]: test-print.R<30--30>
     call| expect_true(any(grepl("1 + 1", m)))
     diff| Expected TRUE, got FALSE
     Error: 4 out of 172 tests failed
     In addition: There were 50 or more warnings (use warnings() to see the first 50)
     Execution halted
Flavor: r-devel-windows-x86_64-gcc10-UCRT