Last updated on 2024-04-18 01:02:43 CEST.
Flavor | Version | Tinstall | Tcheck | Ttotal | Status | Flags |
---|---|---|---|---|---|---|
r-devel-linux-x86_64-debian-clang | 0.1.1 | 3.16 | 23.43 | 26.59 | NOTE | |
r-devel-linux-x86_64-debian-gcc | 0.1.1 | 2.17 | 18.13 | 20.30 | NOTE | |
r-devel-linux-x86_64-fedora-clang | 0.1.1 | 32.64 | NOTE | |||
r-devel-linux-x86_64-fedora-gcc | 0.1.1 | 31.31 | NOTE | |||
r-prerel-macos-arm64 | 0.1.1 | 15.00 | NOTE | |||
r-prerel-windows-x86_64 | 0.1.1 | 3.00 | 39.00 | 42.00 | NOTE | |
r-patched-linux-x86_64 | 0.1.1 | 2.98 | 22.80 | 25.78 | NOTE | |
r-release-linux-x86_64 | 0.1.1 | 2.19 | 22.36 | 24.55 | NOTE | |
r-release-macos-arm64 | 0.1.1 | 15.00 | NOTE | |||
r-release-macos-x86_64 | 0.1.1 | 21.00 | NOTE | |||
r-release-windows-x86_64 | 0.1.1 | 4.00 | 39.00 | 43.00 | NOTE | |
r-oldrel-macos-arm64 | 0.1.1 | 13.00 | NOTE | |||
r-oldrel-windows-x86_64 | 0.1.1 | 4.00 | 42.00 | 46.00 | NOTE |
Version: 0.1.1
Check: LazyData
Result: NOTE
'LazyData' is specified without a 'data' directory
Flavors: r-devel-linux-x86_64-debian-clang, r-devel-linux-x86_64-debian-gcc, r-devel-linux-x86_64-fedora-clang, r-devel-linux-x86_64-fedora-gcc, r-prerel-macos-arm64, r-prerel-windows-x86_64, r-patched-linux-x86_64, r-release-linux-x86_64, r-release-macos-arm64, r-release-macos-x86_64, r-release-windows-x86_64, r-oldrel-macos-arm64, r-oldrel-windows-x86_64