CRAN Package Check Results for Package betareg

Last updated on 2021-10-18 08:51:07 CEST.

Flavor Version Tinstall Tcheck Ttotal Status Flags
r-devel-linux-x86_64-debian-clang 3.1-4 15.11 177.30 192.41 OK
r-devel-linux-x86_64-debian-gcc 3.1-4 10.51 132.95 143.46 OK
r-devel-linux-x86_64-fedora-clang 3.1-4 245.99 OK
r-devel-linux-x86_64-fedora-gcc 3.1-4 231.57 OK
r-devel-windows-x86_64 3.1-4 21.00 226.00 247.00 OK
r-devel-windows-x86_64-gcc10-UCRT 3.1-4 ERROR
r-patched-linux-x86_64 3.1-4 11.84 176.20 188.04 OK
r-patched-solaris-x86 3.1-4 307.40 OK
r-release-linux-x86_64 3.1-4 12.56 175.46 188.02 OK
r-release-macos-arm64 3.1-4 OK
r-release-macos-x86_64 3.1-4 OK
r-release-windows-ix86+x86_64 3.1-4 17.00 229.00 246.00 OK
r-oldrel-macos-x86_64 3.1-4 OK
r-oldrel-windows-ix86+x86_64 3.1-4 25.00 229.00 254.00 OK

Check Details

Version: 3.1-4
Check: PDF version of manual
Result: WARN
    LaTeX errors when creating PDF version.
    This typically indicates Rd problems.
Flavor: r-devel-windows-x86_64-gcc10-UCRT

Version: 3.1-4
Check: PDF version of manual without hyperrefs or index
Result: ERROR
    Re-running with no redirection of stdout/stderr.
Flavor: r-devel-windows-x86_64-gcc10-UCRT